{"id":287,"date":"2020-11-30T18:48:50","date_gmt":"2020-11-30T18:48:50","guid":{"rendered":"https:\/\/www.mingob.gob.pa\/connasina\/?page_id=287"},"modified":"2025-10-30T20:51:24","modified_gmt":"2025-10-30T20:51:24","slug":"nicanor-villalaz-lamela","status":"publish","type":"page","link":"https:\/\/www.mingob.gob.pa\/simbolosdelanacion\/nicanor-villalaz-lamela\/","title":{"rendered":"Nicanor Villalaz Lamela"},"content":{"rendered":"<h3><\/h3>\n<p style=\"text-align: justify;\"><img fetchpriority=\"high\" decoding=\"async\" class=\"alignleft size-full wp-image-210\" src=\"https:\/\/www.mingob.gob.pa\/conasina\/wp-content\/uploads\/sites\/24\/2020\/11\/Nicanor-Villalaz-Lamela-1.jpg\" alt=\"\" width=\"203\" height=\"283\" \/>Naci\u00f3 el 8 de diciembre de 1855 en la Villa de Los Santos. Desde joven se traslad\u00f3 a Panam\u00e1 con el fin de ejercer el comercio y tambi\u00e9n la abogac\u00eda. En ambas actividades tuv\u00f3 \u00e9xito. La ense\u00f1anza tambi\u00e9n lo cautiv\u00f3 y profes\u00f3 la c\u00e1tedra de espa\u00f1ol en colegios de la ciudad.<\/p>\n<p style=\"text-align: justify;\">En el campo del derecho lleg\u00f3 a ser Juez de Circuito, Magistrado del Tribunal Superior y Presidente de la Corte Suprema de Justicia junto con distinguidos personajes Don Samuel Lewis y Don Carlos Antonio Mendoza, redactor del Acta de Independencia que firmaron tanto el Concejo Municipal como el pueblo paname\u00f1o.<\/p>\n<p style=\"text-align: justify;\">Luego que el escudo encomendado a Ricardo Mir\u00f3 nunca estuvo listo, recit\u00f3 sus ideas para un escudo nacional al profesor Max Lemm el 7 de diciembre en la noche, y al d\u00eda siguiente fue presentado al concurso donde fue agraciado y premiado.<\/p>\n<p style=\"text-align: justify;\">La Junta de Gobierno Provisional pas\u00f3 el dise\u00f1o a la Convenci\u00f3n Nacional Constituyente, que al convertirse en Asamblea Nacional, solicit\u00f3 que se simplificara un poco y cambiaran el lema de \u00abPaz Libertad, Uni\u00f3n , Progreso\u00bb por \u00abPro-mundi beneficio\u00bb.<\/p>\n<p style=\"text-align: justify;\">Estas simplificaciones se hicieron de com\u00fan acuerdo entre Villalaz y Lemm, y al presentarlas nuevamente a la Asamblea, lo acogen, igual que la bandera, mediante la Ley 64 de junio de 1904.<\/p>\n","protected":false},"excerpt":{"rendered":"<p>Naci\u00f3 el 8 de diciembre de 1855 en la Villa de Los Santos. Desde joven se traslad\u00f3 a Panam\u00e1 con [&hellip;]<\/p>\n","protected":false},"author":5,"featured_media":0,"parent":0,"menu_order":0,"comment_status":"closed","ping_status":"closed","template":"","meta":{"site-sidebar-layout":"default","site-content-layout":"","ast-site-content-layout":"default","site-content-style":"default","site-sidebar-style":"default","ast-global-header-display":"","ast-banner-title-visibility":"","ast-main-header-display":"","ast-hfb-above-header-display":"","ast-hfb-below-header-display":"","ast-hfb-mobile-header-display":"","site-post-title":"","ast-breadcrumbs-content":"","ast-featured-img":"","footer-sml-layout":"","ast-disable-related-posts":"","theme-transparent-header-meta":"","adv-header-id-meta":"","stick-header-meta":"","header-above-stick-meta":"","header-main-stick-meta":"","header-below-stick-meta":"","astra-migrate-meta-layouts":"default","ast-page-background-enabled":"default","ast-page-background-meta":{"desktop":{"background-color":"var(--ast-global-color-5)","background-image":"","background-repeat":"repeat","background-position":"center center","background-size":"auto","background-attachment":"scroll","background-type":"","background-media":"","overlay-type":"","overlay-color":"","overlay-opacity":"","overlay-gradient":""},"tablet":{"background-color":"","background-image":"","background-repeat":"repeat","background-position":"center center","background-size":"auto","background-attachment":"scroll","background-type":"","background-media":"","overlay-type":"","overlay-color":"","overlay-opacity":"","overlay-gradient":""},"mobile":{"background-color":"","background-image":"","background-repeat":"repeat","background-position":"center center","background-size":"auto","background-attachment":"scroll","background-type":"","background-media":"","overlay-type":"","overlay-color":"","overlay-opacity":"","overlay-gradient":""}},"ast-content-background-meta":{"desktop":{"background-color":"var(--ast-global-color-4)","background-image":"","background-repeat":"repeat","background-position":"center center","background-size":"auto","background-attachment":"scroll","background-type":"","background-media":"","overlay-type":"","overlay-color":"","overlay-opacity":"","overlay-gradient":""},"tablet":{"background-color":"var(--ast-global-color-4)","background-image":"","background-repeat":"repeat","background-position":"center center","background-size":"auto","background-attachment":"scroll","background-type":"","background-media":"","overlay-type":"","overlay-color":"","overlay-opacity":"","overlay-gradient":""},"mobile":{"background-color":"var(--ast-global-color-4)","background-image":"","background-repeat":"repeat","background-position":"center center","background-size":"auto","background-attachment":"scroll","background-type":"","background-media":"","overlay-type":"","overlay-color":"","overlay-opacity":"","overlay-gradient":""}},"footnotes":""},"class_list":["post-287","page","type-page","status-publish","hentry"],"_links":{"self":[{"href":"https:\/\/www.mingob.gob.pa\/simbolosdelanacion\/wp-json\/wp\/v2\/pages\/287","targetHints":{"allow":["GET"]}}],"collection":[{"href":"https:\/\/www.mingob.gob.pa\/simbolosdelanacion\/wp-json\/wp\/v2\/pages"}],"about":[{"href":"https:\/\/www.mingob.gob.pa\/simbolosdelanacion\/wp-json\/wp\/v2\/types\/page"}],"author":[{"embeddable":true,"href":"https:\/\/www.mingob.gob.pa\/simbolosdelanacion\/wp-json\/wp\/v2\/users\/5"}],"replies":[{"embeddable":true,"href":"https:\/\/www.mingob.gob.pa\/simbolosdelanacion\/wp-json\/wp\/v2\/comments?post=287"}],"version-history":[{"count":1,"href":"https:\/\/www.mingob.gob.pa\/simbolosdelanacion\/wp-json\/wp\/v2\/pages\/287\/revisions"}],"predecessor-version":[{"id":1663,"href":"https:\/\/www.mingob.gob.pa\/simbolosdelanacion\/wp-json\/wp\/v2\/pages\/287\/revisions\/1663"}],"wp:attachment":[{"href":"https:\/\/www.mingob.gob.pa\/simbolosdelanacion\/wp-json\/wp\/v2\/media?parent=287"}],"curies":[{"name":"wp","href":"https:\/\/api.w.org\/{rel}","templated":true}]}}