{"id":111,"date":"2020-11-24T15:36:14","date_gmt":"2020-11-24T15:36:14","guid":{"rendered":"https:\/\/www.mingob.gob.pa\/connasina\/?page_id=986"},"modified":"2025-11-24T18:18:29","modified_gmt":"2025-11-24T18:18:29","slug":"honores","status":"publish","type":"page","link":"https:\/\/www.mingob.gob.pa\/simbolosdelanacion\/honores\/","title":{"rendered":"Honores"},"content":{"rendered":"\t\t<div data-elementor-type=\"wp-page\" data-elementor-id=\"111\" class=\"elementor elementor-111\">\n\t\t\t\t\t\t<section class=\"elementor-section elementor-top-section elementor-element elementor-element-fa3989a elementor-section-boxed elementor-section-height-default elementor-section-height-default\" data-id=\"fa3989a\" data-element_type=\"section\" data-e-type=\"section\">\n\t\t\t\t\t\t<div class=\"elementor-container elementor-column-gap-default\">\n\t\t\t\t\t<div class=\"elementor-column elementor-col-100 elementor-top-column elementor-element elementor-element-090c4cf\" data-id=\"090c4cf\" data-element_type=\"column\" data-e-type=\"column\">\n\t\t\t<div class=\"elementor-widget-wrap elementor-element-populated\">\n\t\t\t\t\t\t<div class=\"elementor-element elementor-element-8eb9b03 elementor-widget elementor-widget-text-editor\" data-id=\"8eb9b03\" data-element_type=\"widget\" data-e-type=\"widget\" data-widget_type=\"text-editor.default\">\n\t\t\t\t<div class=\"elementor-widget-container\">\n\t\t\t\t\t\t\t\t\t<section class=\"av_textblock_section \"><div class=\"avia_textblock \"><p>El 29 de abril 2019, la Gobernaci\u00f3n de la Provincia de Panam\u00e1 confiri\u00f3 a la Comisi\u00f3n el Pergamino al M\u00e9rito, acto en el cual su Director, Vladimir Berr\u00edo-Lemm, comparti\u00f3 las palabras de fondo sobre Victoriano Lorenzo en tanto que el Ing. Irvin Halman Brid y el Profesor Rommel Escarreola Palacios recibieron el pergamino.<\/p><p>La Comisi\u00f3n queda enaltecida y comprometida a seguir adelante en su labor con reconocimientos como este.<\/p><\/div><\/section>\t\t\t\t\t\t\t\t<\/div>\n\t\t\t\t<\/div>\n\t\t\t\t\t<\/div>\n\t\t<\/div>\n\t\t\t\t\t<\/div>\n\t\t<\/section>\n\t\t\t\t<section class=\"elementor-section elementor-top-section elementor-element elementor-element-83d560d elementor-section-boxed elementor-section-height-default elementor-section-height-default\" data-id=\"83d560d\" data-element_type=\"section\" data-e-type=\"section\">\n\t\t\t\t\t\t<div class=\"elementor-container elementor-column-gap-default\">\n\t\t\t\t\t<div class=\"elementor-column elementor-col-50 elementor-top-column elementor-element elementor-element-7570128\" data-id=\"7570128\" data-element_type=\"column\" data-e-type=\"column\">\n\t\t\t<div class=\"elementor-widget-wrap elementor-element-populated\">\n\t\t\t\t\t\t<div class=\"elementor-element elementor-element-cc92da3 elementor-widget elementor-widget-image\" data-id=\"cc92da3\" data-element_type=\"widget\" data-e-type=\"widget\" data-widget_type=\"image.default\">\n\t\t\t\t<div class=\"elementor-widget-container\">\n\t\t\t\t\t\t\t\t\t\t\t\t\t\t\t<img fetchpriority=\"high\" decoding=\"async\" width=\"768\" height=\"1024\" src=\"https:\/\/www.mingob.gob.pa\/simbolosdelanacion\/wp-content\/uploads\/sites\/24\/2020\/11\/5-1-768x1024.jpg\" class=\"attachment-medium_large size-medium_large wp-image-183\" alt=\"\" srcset=\"https:\/\/www.mingob.gob.pa\/simbolosdelanacion\/wp-content\/uploads\/sites\/24\/2020\/11\/5-1-768x1024.jpg 768w, https:\/\/www.mingob.gob.pa\/simbolosdelanacion\/wp-content\/uploads\/sites\/24\/2020\/11\/5-1-225x300.jpg 225w, https:\/\/www.mingob.gob.pa\/simbolosdelanacion\/wp-content\/uploads\/sites\/24\/2020\/11\/5-1-773x1030.jpg 773w, https:\/\/www.mingob.gob.pa\/simbolosdelanacion\/wp-content\/uploads\/sites\/24\/2020\/11\/5-1-529x705.jpg 529w, https:\/\/www.mingob.gob.pa\/simbolosdelanacion\/wp-content\/uploads\/sites\/24\/2020\/11\/5-1-600x800.jpg 600w, https:\/\/www.mingob.gob.pa\/simbolosdelanacion\/wp-content\/uploads\/sites\/24\/2020\/11\/5-1.jpg 900w\" sizes=\"(max-width: 768px) 100vw, 768px\" \/>\t\t\t\t\t\t\t\t\t\t\t\t\t\t\t<\/div>\n\t\t\t\t<\/div>\n\t\t\t\t\t<\/div>\n\t\t<\/div>\n\t\t\t\t<div class=\"elementor-column elementor-col-50 elementor-top-column elementor-element elementor-element-b41dd3a\" data-id=\"b41dd3a\" data-element_type=\"column\" data-e-type=\"column\">\n\t\t\t<div class=\"elementor-widget-wrap elementor-element-populated\">\n\t\t\t\t\t\t<div class=\"elementor-element elementor-element-c534aa0 elementor-widget elementor-widget-image\" data-id=\"c534aa0\" data-element_type=\"widget\" data-e-type=\"widget\" data-widget_type=\"image.default\">\n\t\t\t\t<div class=\"elementor-widget-container\">\n\t\t\t\t\t\t\t\t\t\t\t\t\t\t\t\t<a href=\"https:\/\/www.mingob.gob.pa\/simbolosdelanacion\/wp-content\/uploads\/sites\/24\/2020\/11\/1-1.jpg\" data-elementor-open-lightbox=\"yes\" data-e-action-hash=\"#elementor-action%3Aaction%3Dlightbox%26settings%3DeyJpZCI6MTc4LCJ1cmwiOiJodHRwczpcL1wvd3d3Lm1pbmdvYi5nb2IucGFcL3NpbWJvbG9zZGVsYW5hY2lvblwvd3AtY29udGVudFwvdXBsb2Fkc1wvc2l0ZXNcLzI0XC8yMDIwXC8xMVwvMS0xLmpwZyJ9\">\n\t\t\t\t\t\t\t<img decoding=\"async\" width=\"225\" height=\"300\" src=\"https:\/\/www.mingob.gob.pa\/simbolosdelanacion\/wp-content\/uploads\/sites\/24\/2020\/11\/1-1-225x300.jpg\" class=\"attachment-medium size-medium wp-image-178\" alt=\"\" srcset=\"https:\/\/www.mingob.gob.pa\/simbolosdelanacion\/wp-content\/uploads\/sites\/24\/2020\/11\/1-1-225x300.jpg 225w, https:\/\/www.mingob.gob.pa\/simbolosdelanacion\/wp-content\/uploads\/sites\/24\/2020\/11\/1-1-773x1030.jpg 773w, https:\/\/www.mingob.gob.pa\/simbolosdelanacion\/wp-content\/uploads\/sites\/24\/2020\/11\/1-1-768x1024.jpg 768w, https:\/\/www.mingob.gob.pa\/simbolosdelanacion\/wp-content\/uploads\/sites\/24\/2020\/11\/1-1-529x705.jpg 529w, https:\/\/www.mingob.gob.pa\/simbolosdelanacion\/wp-content\/uploads\/sites\/24\/2020\/11\/1-1-600x800.jpg 600w, https:\/\/www.mingob.gob.pa\/simbolosdelanacion\/wp-content\/uploads\/sites\/24\/2020\/11\/1-1.jpg 900w\" sizes=\"(max-width: 225px) 100vw, 225px\" \/>\t\t\t\t\t\t\t\t<\/a>\n\t\t\t\t\t\t\t\t\t\t\t\t\t\t\t<\/div>\n\t\t\t\t<\/div>\n\t\t\t\t<div class=\"elementor-element elementor-element-2285afb elementor-widget elementor-widget-spacer\" data-id=\"2285afb\" data-element_type=\"widget\" data-e-type=\"widget\" data-widget_type=\"spacer.default\">\n\t\t\t\t<div class=\"elementor-widget-container\">\n\t\t\t\t\t\t\t<div class=\"elementor-spacer\">\n\t\t\t<div class=\"elementor-spacer-inner\"><\/div>\n\t\t<\/div>\n\t\t\t\t\t\t<\/div>\n\t\t\t\t<\/div>\n\t\t\t\t<div class=\"elementor-element elementor-element-f38074e elementor-widget elementor-widget-image\" data-id=\"f38074e\" data-element_type=\"widget\" data-e-type=\"widget\" data-widget_type=\"image.default\">\n\t\t\t\t<div class=\"elementor-widget-container\">\n\t\t\t\t\t\t\t\t\t\t\t\t\t\t\t\t<a href=\"https:\/\/www.mingob.gob.pa\/simbolosdelanacion\/wp-content\/uploads\/sites\/24\/2020\/11\/7.jpg\" data-elementor-open-lightbox=\"yes\" data-elementor-lightbox-title=\"7\" data-e-action-hash=\"#elementor-action%3Aaction%3Dlightbox%26settings%3DeyJpZCI6MTI4LCJ1cmwiOiJodHRwczpcL1wvd3d3Lm1pbmdvYi5nb2IucGFcL3NpbWJvbG9zZGVsYW5hY2lvblwvd3AtY29udGVudFwvdXBsb2Fkc1wvc2l0ZXNcLzI0XC8yMDIwXC8xMVwvNy5qcGcifQ%3D%3D\">\n\t\t\t\t\t\t\t<img decoding=\"async\" width=\"300\" height=\"239\" src=\"https:\/\/www.mingob.gob.pa\/simbolosdelanacion\/wp-content\/uploads\/sites\/24\/2020\/11\/7-300x239.jpg\" class=\"attachment-medium size-medium wp-image-128\" alt=\"\" srcset=\"https:\/\/www.mingob.gob.pa\/simbolosdelanacion\/wp-content\/uploads\/sites\/24\/2020\/11\/7-300x239.jpg 300w, https:\/\/www.mingob.gob.pa\/simbolosdelanacion\/wp-content\/uploads\/sites\/24\/2020\/11\/7-1030x820.jpg 1030w, https:\/\/www.mingob.gob.pa\/simbolosdelanacion\/wp-content\/uploads\/sites\/24\/2020\/11\/7-768x611.jpg 768w, https:\/\/www.mingob.gob.pa\/simbolosdelanacion\/wp-content\/uploads\/sites\/24\/2020\/11\/7-705x561.jpg 705w, https:\/\/www.mingob.gob.pa\/simbolosdelanacion\/wp-content\/uploads\/sites\/24\/2020\/11\/7-600x478.jpg 600w, https:\/\/www.mingob.gob.pa\/simbolosdelanacion\/wp-content\/uploads\/sites\/24\/2020\/11\/7.jpg 1200w\" sizes=\"(max-width: 300px) 100vw, 300px\" \/>\t\t\t\t\t\t\t\t<\/a>\n\t\t\t\t\t\t\t\t\t\t\t\t\t\t\t<\/div>\n\t\t\t\t<\/div>\n\t\t\t\t\t<\/div>\n\t\t<\/div>\n\t\t\t\t\t<\/div>\n\t\t<\/section>\n\t\t\t\t<section class=\"elementor-section elementor-top-section elementor-element elementor-element-0bf4ada elementor-section-boxed elementor-section-height-default elementor-section-height-default\" data-id=\"0bf4ada\" data-element_type=\"section\" data-e-type=\"section\">\n\t\t\t\t\t\t<div class=\"elementor-container elementor-column-gap-default\">\n\t\t\t\t\t<div class=\"elementor-column elementor-col-100 elementor-top-column elementor-element elementor-element-5905d80\" data-id=\"5905d80\" data-element_type=\"column\" data-e-type=\"column\">\n\t\t\t<div class=\"elementor-widget-wrap elementor-element-populated\">\n\t\t\t\t\t\t<div class=\"elementor-element elementor-element-f2f6697 elementor-widget-divider--view-line elementor-widget elementor-widget-divider\" data-id=\"f2f6697\" data-element_type=\"widget\" data-e-type=\"widget\" data-widget_type=\"divider.default\">\n\t\t\t\t<div class=\"elementor-widget-container\">\n\t\t\t\t\t\t\t<div class=\"elementor-divider\">\n\t\t\t<span class=\"elementor-divider-separator\">\n\t\t\t\t\t\t<\/span>\n\t\t<\/div>\n\t\t\t\t\t\t<\/div>\n\t\t\t\t<\/div>\n\t\t\t\t\t<\/div>\n\t\t<\/div>\n\t\t\t\t\t<\/div>\n\t\t<\/section>\n\t\t\t\t<section class=\"elementor-section elementor-top-section elementor-element elementor-element-475d5f5 elementor-section-boxed elementor-section-height-default elementor-section-height-default\" data-id=\"475d5f5\" data-element_type=\"section\" data-e-type=\"section\">\n\t\t\t\t\t\t<div class=\"elementor-container elementor-column-gap-default\">\n\t\t\t\t\t<div class=\"elementor-column elementor-col-50 elementor-top-column elementor-element elementor-element-1b3c1b6\" data-id=\"1b3c1b6\" data-element_type=\"column\" data-e-type=\"column\">\n\t\t\t<div class=\"elementor-widget-wrap elementor-element-populated\">\n\t\t\t\t\t\t<div class=\"elementor-element elementor-element-9913a3e elementor-widget elementor-widget-image\" data-id=\"9913a3e\" data-element_type=\"widget\" data-e-type=\"widget\" data-widget_type=\"image.default\">\n\t\t\t\t<div class=\"elementor-widget-container\">\n\t\t\t\t\t\t\t\t\t\t\t\t\t\t\t\t<a href=\"https:\/\/www.mingob.gob.pa\/simbolosdelanacion\/wp-content\/uploads\/sites\/24\/2020\/11\/2-1.jpg\" data-elementor-open-lightbox=\"yes\" data-e-action-hash=\"#elementor-action%3Aaction%3Dlightbox%26settings%3DeyJpZCI6MTc5LCJ1cmwiOiJodHRwczpcL1wvd3d3Lm1pbmdvYi5nb2IucGFcL3NpbWJvbG9zZGVsYW5hY2lvblwvd3AtY29udGVudFwvdXBsb2Fkc1wvc2l0ZXNcLzI0XC8yMDIwXC8xMVwvMi0xLmpwZyJ9\">\n\t\t\t\t\t\t\t<img loading=\"lazy\" decoding=\"async\" width=\"185\" height=\"300\" src=\"https:\/\/www.mingob.gob.pa\/simbolosdelanacion\/wp-content\/uploads\/sites\/24\/2020\/11\/2-1-185x300.jpg\" class=\"attachment-medium size-medium wp-image-179\" alt=\"\" srcset=\"https:\/\/www.mingob.gob.pa\/simbolosdelanacion\/wp-content\/uploads\/sites\/24\/2020\/11\/2-1-185x300.jpg 185w, https:\/\/www.mingob.gob.pa\/simbolosdelanacion\/wp-content\/uploads\/sites\/24\/2020\/11\/2-1-636x1030.jpg 636w, https:\/\/www.mingob.gob.pa\/simbolosdelanacion\/wp-content\/uploads\/sites\/24\/2020\/11\/2-1-435x705.jpg 435w, https:\/\/www.mingob.gob.pa\/simbolosdelanacion\/wp-content\/uploads\/sites\/24\/2020\/11\/2-1-600x972.jpg 600w, https:\/\/www.mingob.gob.pa\/simbolosdelanacion\/wp-content\/uploads\/sites\/24\/2020\/11\/2-1.jpg 741w\" sizes=\"(max-width: 185px) 100vw, 185px\" \/>\t\t\t\t\t\t\t\t<\/a>\n\t\t\t\t\t\t\t\t\t\t\t\t\t\t\t<\/div>\n\t\t\t\t<\/div>\n\t\t\t\t\t<\/div>\n\t\t<\/div>\n\t\t\t\t<div class=\"elementor-column elementor-col-50 elementor-top-column elementor-element elementor-element-dfe61fb\" data-id=\"dfe61fb\" data-element_type=\"column\" data-e-type=\"column\">\n\t\t\t<div class=\"elementor-widget-wrap elementor-element-populated\">\n\t\t\t\t\t\t<div class=\"elementor-element elementor-element-d012dd7 elementor-widget elementor-widget-image\" data-id=\"d012dd7\" data-element_type=\"widget\" data-e-type=\"widget\" data-widget_type=\"image.default\">\n\t\t\t\t<div class=\"elementor-widget-container\">\n\t\t\t\t\t\t\t\t\t\t\t\t\t\t\t\t<a href=\"https:\/\/www.mingob.gob.pa\/simbolosdelanacion\/wp-content\/uploads\/sites\/24\/2020\/11\/3-1.jpg\" data-elementor-open-lightbox=\"yes\" data-e-action-hash=\"#elementor-action%3Aaction%3Dlightbox%26settings%3DeyJpZCI6MTgwLCJ1cmwiOiJodHRwczpcL1wvd3d3Lm1pbmdvYi5nb2IucGFcL3NpbWJvbG9zZGVsYW5hY2lvblwvd3AtY29udGVudFwvdXBsb2Fkc1wvc2l0ZXNcLzI0XC8yMDIwXC8xMVwvMy0xLmpwZyJ9\">\n\t\t\t\t\t\t\t<img loading=\"lazy\" decoding=\"async\" width=\"185\" height=\"300\" src=\"https:\/\/www.mingob.gob.pa\/simbolosdelanacion\/wp-content\/uploads\/sites\/24\/2020\/11\/3-1-185x300.jpg\" class=\"attachment-medium size-medium wp-image-180\" alt=\"\" srcset=\"https:\/\/www.mingob.gob.pa\/simbolosdelanacion\/wp-content\/uploads\/sites\/24\/2020\/11\/3-1-185x300.jpg 185w, https:\/\/www.mingob.gob.pa\/simbolosdelanacion\/wp-content\/uploads\/sites\/24\/2020\/11\/3-1-636x1030.jpg 636w, https:\/\/www.mingob.gob.pa\/simbolosdelanacion\/wp-content\/uploads\/sites\/24\/2020\/11\/3-1-435x705.jpg 435w, https:\/\/www.mingob.gob.pa\/simbolosdelanacion\/wp-content\/uploads\/sites\/24\/2020\/11\/3-1-600x972.jpg 600w, https:\/\/www.mingob.gob.pa\/simbolosdelanacion\/wp-content\/uploads\/sites\/24\/2020\/11\/3-1.jpg 741w\" sizes=\"(max-width: 185px) 100vw, 185px\" \/>\t\t\t\t\t\t\t\t<\/a>\n\t\t\t\t\t\t\t\t\t\t\t\t\t\t\t<\/div>\n\t\t\t\t<\/div>\n\t\t\t\t\t<\/div>\n\t\t<\/div>\n\t\t\t\t\t<\/div>\n\t\t<\/section>\n\t\t\t\t<\/div>\n\t\t","protected":false},"excerpt":{"rendered":"<p>El 29 de abril 2019, la Gobernaci\u00f3n de la Provincia de Panam\u00e1 confiri\u00f3 a la Comisi\u00f3n el Pergamino al M\u00e9rito, [&hellip;]<\/p>\n","protected":false},"author":5,"featured_media":0,"parent":0,"menu_order":0,"comment_status":"closed","ping_status":"closed","template":"","meta":{"site-sidebar-layout":"default","site-content-layout":"","ast-site-content-layout":"default","site-content-style":"default","site-sidebar-style":"default","ast-global-header-display":"","ast-banner-title-visibility":"","ast-main-header-display":"","ast-hfb-above-header-display":"","ast-hfb-below-header-display":"","ast-hfb-mobile-header-display":"","site-post-title":"disabled","ast-breadcrumbs-content":"","ast-featured-img":"","footer-sml-layout":"","ast-disable-related-posts":"","theme-transparent-header-meta":"","adv-header-id-meta":"","stick-header-meta":"","header-above-stick-meta":"","header-main-stick-meta":"","header-below-stick-meta":"","astra-migrate-meta-layouts":"default","ast-page-background-enabled":"default","ast-page-background-meta":{"desktop":{"background-color":"var(--ast-global-color-5)","background-image":"","background-repeat":"repeat","background-position":"center center","background-size":"auto","background-attachment":"scroll","background-type":"","background-media":"","overlay-type":"","overlay-color":"","overlay-opacity":"","overlay-gradient":""},"tablet":{"background-color":"","background-image":"","background-repeat":"repeat","background-position":"center center","background-size":"auto","background-attachment":"scroll","background-type":"","background-media":"","overlay-type":"","overlay-color":"","overlay-opacity":"","overlay-gradient":""},"mobile":{"background-color":"","background-image":"","background-repeat":"repeat","background-position":"center center","background-size":"auto","background-attachment":"scroll","background-type":"","background-media":"","overlay-type":"","overlay-color":"","overlay-opacity":"","overlay-gradient":""}},"ast-content-background-meta":{"desktop":{"background-color":"var(--ast-global-color-4)","background-image":"","background-repeat":"repeat","background-position":"center center","background-size":"auto","background-attachment":"scroll","background-type":"","background-media":"","overlay-type":"","overlay-color":"","overlay-opacity":"","overlay-gradient":""},"tablet":{"background-color":"var(--ast-global-color-4)","background-image":"","background-repeat":"repeat","background-position":"center center","background-size":"auto","background-attachment":"scroll","background-type":"","background-media":"","overlay-type":"","overlay-color":"","overlay-opacity":"","overlay-gradient":""},"mobile":{"background-color":"var(--ast-global-color-4)","background-image":"","background-repeat":"repeat","background-position":"center center","background-size":"auto","background-attachment":"scroll","background-type":"","background-media":"","overlay-type":"","overlay-color":"","overlay-opacity":"","overlay-gradient":""}},"footnotes":""},"class_list":["post-111","page","type-page","status-publish","hentry"],"_links":{"self":[{"href":"https:\/\/www.mingob.gob.pa\/simbolosdelanacion\/wp-json\/wp\/v2\/pages\/111","targetHints":{"allow":["GET"]}}],"collection":[{"href":"https:\/\/www.mingob.gob.pa\/simbolosdelanacion\/wp-json\/wp\/v2\/pages"}],"about":[{"href":"https:\/\/www.mingob.gob.pa\/simbolosdelanacion\/wp-json\/wp\/v2\/types\/page"}],"author":[{"embeddable":true,"href":"https:\/\/www.mingob.gob.pa\/simbolosdelanacion\/wp-json\/wp\/v2\/users\/5"}],"replies":[{"embeddable":true,"href":"https:\/\/www.mingob.gob.pa\/simbolosdelanacion\/wp-json\/wp\/v2\/comments?post=111"}],"version-history":[{"count":5,"href":"https:\/\/www.mingob.gob.pa\/simbolosdelanacion\/wp-json\/wp\/v2\/pages\/111\/revisions"}],"predecessor-version":[{"id":1725,"href":"https:\/\/www.mingob.gob.pa\/simbolosdelanacion\/wp-json\/wp\/v2\/pages\/111\/revisions\/1725"}],"wp:attachment":[{"href":"https:\/\/www.mingob.gob.pa\/simbolosdelanacion\/wp-json\/wp\/v2\/media?parent=111"}],"curies":[{"name":"wp","href":"https:\/\/api.w.org\/{rel}","templated":true}]}}