{"id":12,"date":"2016-02-10T18:34:46","date_gmt":"2016-02-10T18:34:46","guid":{"rendered":"http:\/\/test8.globalinternet.com.pa\/onpar\/?page_id=12"},"modified":"2025-11-20T15:39:10","modified_gmt":"2025-11-20T15:39:10","slug":"nuestra-historia","status":"publish","type":"page","link":"https:\/\/www.mingob.gob.pa\/onpar\/nuestra-historia\/","title":{"rendered":"Nuestra Historia"},"content":{"rendered":"\t\t<div data-elementor-type=\"wp-page\" data-elementor-id=\"12\" class=\"elementor elementor-12\">\n\t\t\t\t\t\t<section class=\"elementor-section elementor-top-section elementor-element elementor-element-1874bab elementor-section-boxed elementor-section-height-default elementor-section-height-default\" data-id=\"1874bab\" data-element_type=\"section\" data-e-type=\"section\">\n\t\t\t\t\t\t<div class=\"elementor-container elementor-column-gap-default\">\n\t\t\t\t\t<div class=\"elementor-column elementor-col-100 elementor-top-column elementor-element elementor-element-b8e9c2d\" data-id=\"b8e9c2d\" data-element_type=\"column\" data-e-type=\"column\">\n\t\t\t<div class=\"elementor-widget-wrap elementor-element-populated\">\n\t\t\t\t\t\t<div class=\"elementor-element elementor-element-eaebc16 elementor-widget elementor-widget-text-editor\" data-id=\"eaebc16\" data-element_type=\"widget\" data-e-type=\"widget\" data-widget_type=\"text-editor.default\">\n\t\t\t\t<div class=\"elementor-widget-container\">\n\t\t\t\t\t\t\t\t\t<p>La Rep\u00fablica de Panam\u00e1, como Estado miembro de la Organizaci\u00f3n de las Naciones Unidas (ONU), reconoce el Estatuto de la Oficina del Alto Comisionado de las Naciones Unidas para los Refugiados (ACNUR), aprobado mediante la Resoluci\u00f3n N.\u00ba de la Asamblea General de 14 de Diciembre de 1950.<\/p><p>A trav\u00e9s de la Ley 5 de 26 de octubre de 1977, la Rep\u00fablica de Panam\u00e1 ratific\u00f3 la Convenci\u00f3n de 1951 y el Protocolo de 1967 sobre el Estatuto de los Refugiados.<\/p><p>Con el fin de desarrollar el contenido de la Ley 5 de 26 de octubre de 1977, se expidi\u00f3 el Decreto Ejecutivo N.\u00ba5 de 16 de enero de 2018, que estableci\u00f3 el procedimiento para determinar la condici\u00f3n de refugiado y deroga el Decreto Ejecutivo N.\u00ba23 de 10 de febrero de 1998.<\/p><p>La ley 19 de 3 de mayo de 2010. Que dicto el r\u00e9gimen de organizaci\u00f3n del Ministerio de Gobierno, le atribuyo entre otras facultades, la de participar en el otorgamiento de la condici\u00f3n de refugiado.<\/p><p>Los derechos humanos nacen de la naturaleza de la persona como ser \u00fanico, con libre albedr\u00edo y voluntad propia; y que los principios que protegen su existencia y dignidad prevalecen sobre cualquier otro, en una sociedad humanista y justa, por lo que deben ser reconocidos, tutelados y garantizados.<\/p><p>La evoluci\u00f3n del derecho internacional y la identificaci\u00f3n de las causas que en la actualidad motivan a las personas a solicitar el reconocimiento de la condici\u00f3n de refugiado, hacen necesario la revisi\u00f3n y actualizaci\u00f3n de la normativa nacional vigente, a fin de proveerles los medios para el pleno ejercicio de sus derechos.<\/p><p>Panam\u00e1 ratific\u00f3 la Convenci\u00f3n de las Naciones Unidas sobre el Estatuto de los Refugiados de 1951 y el Protocolo sobre el Estatuto de los Refugiados de 1967 mediante la Ley No.5 del 26 de octubre de 1977. A trav\u00e9s del Decreto Ejecutivo No.23 de 10 de febrero de 1998, se desarrolla el procedimiento de para la determinaci\u00f3n del estatuto de refugiado.<\/p><p>En la Rep\u00fablica de Panam\u00e1 las solicitudes de otorgamiento del estatuto de refugiados son recibidas por la Oficina Nacional para la Atenci\u00f3n de Refugiados (ONPAR), la cual est\u00e1 adscrita al Ministerio de Gobierno y es la encargada de recoger la informaci\u00f3n relacionadas con las solicitudes de refugio y decidir acerca de la admisi\u00f3n o no al tr\u00e1mite de las mismas.<\/p><p>Si una solicitud es admitida, esta es presentada a la consideraci\u00f3n de la Comisi\u00f3n Nacional de Protecci\u00f3n para Refugiados, que est\u00e1 conformada por los siguientes funcionarios con derecho a voz y voto:<\/p><ul><li><strong>El Viceministro de Gobierno<\/strong>, quien la preside<\/li><li>El Viceministro de<strong>\u00a0Relaciones Exteriores<\/strong><\/li><li>El Viceministro de<strong>\u00a0Trabajo y Bienestar Social<\/strong><\/li><li><strong>El Viceministro de Seguridad Publica<\/strong><\/li><li>El Director del<strong>\u00a0Servicio Nacional de Migraci\u00f3n<\/strong><\/li><li>El Director General de Pol\u00edtica Exterior del\u00a0<strong>Ministerio de Relaciones Exteriores<\/strong><\/li><li><strong>El Director General de Empleo<\/strong>\u00a0del Ministerio de Trabajo y Bienestar Social<\/li><li>El Director Ejecutivo de la\u00a0<strong>Cruz Roja Nacional<\/strong><\/li><\/ul><p>Tambi\u00e9n participan en la Comisi\u00f3n, las siguientes personas con derecho a voz:<\/p><ul><li>El representante regional del ACNUR<\/li><li>El director de la ONPAR<\/li><li>EL Director General de Organismos Internacionales del Ministerio de Relaciones Exteriores<\/li><\/ul><p>Una vez la Comisi\u00f3n adopta una decisi\u00f3n corresponde a la ONPAR la coordinaci\u00f3n y ejecuci\u00f3n de las decisiones a que arribe la Comisi\u00f3n Nacional de Protecci\u00f3n para Refugiados.<\/p><p>A partir de la aprobaci\u00f3n de la Ley 74 de 15 de octubre de 2013, los refugiados que tengan tres (3) a\u00f1os de haber sido reconocidos por la Comisi\u00f3n Nacional de Protecci\u00f3n para Refugiados, podr\u00e1n optar por la Residencia Permanente.<\/p>\t\t\t\t\t\t\t\t<\/div>\n\t\t\t\t<\/div>\n\t\t\t\t\t<\/div>\n\t\t<\/div>\n\t\t\t\t\t<\/div>\n\t\t<\/section>\n\t\t\t\t<\/div>\n\t\t","protected":false},"excerpt":{"rendered":"<p>La Rep\u00fablica de Panam\u00e1, como Estado miembro de la Organizaci\u00f3n de las Naciones Unidas (ONU), reconoce el Estatuto de la [&hellip;]<\/p>\n","protected":false},"author":1,"featured_media":0,"parent":0,"menu_order":0,"comment_status":"closed","ping_status":"closed","template":"","meta":{"site-sidebar-layout":"default","site-content-layout":"","ast-site-content-layout":"default","site-content-style":"default","site-sidebar-style":"default","ast-global-header-display":"","ast-banner-title-visibility":"","ast-main-header-display":"","ast-hfb-above-header-display":"","ast-hfb-below-header-display":"","ast-hfb-mobile-header-display":"","site-post-title":"","ast-breadcrumbs-content":"","ast-featured-img":"","footer-sml-layout":"","ast-disable-related-posts":"","theme-transparent-header-meta":"","adv-header-id-meta":"","stick-header-meta":"","header-above-stick-meta":"","header-main-stick-meta":"","header-below-stick-meta":"","astra-migrate-meta-layouts":"default","ast-page-background-enabled":"default","ast-page-background-meta":{"desktop":{"background-color":"var(--ast-global-color-5)","background-image":"","background-repeat":"repeat","background-position":"center center","background-size":"auto","background-attachment":"scroll","background-type":"","background-media":"","overlay-type":"","overlay-color":"","overlay-opacity":"","overlay-gradient":""},"tablet":{"background-color":"","background-image":"","background-repeat":"repeat","background-position":"center center","background-size":"auto","background-attachment":"scroll","background-type":"","background-media":"","overlay-type":"","overlay-color":"","overlay-opacity":"","overlay-gradient":""},"mobile":{"background-color":"","background-image":"","background-repeat":"repeat","background-position":"center center","background-size":"auto","background-attachment":"scroll","background-type":"","background-media":"","overlay-type":"","overlay-color":"","overlay-opacity":"","overlay-gradient":""}},"ast-content-background-meta":{"desktop":{"background-color":"var(--ast-global-color-4)","background-image":"","background-repeat":"repeat","background-position":"center center","background-size":"auto","background-attachment":"scroll","background-type":"","background-media":"","overlay-type":"","overlay-color":"","overlay-opacity":"","overlay-gradient":""},"tablet":{"background-color":"var(--ast-global-color-4)","background-image":"","background-repeat":"repeat","background-position":"center center","background-size":"auto","background-attachment":"scroll","background-type":"","background-media":"","overlay-type":"","overlay-color":"","overlay-opacity":"","overlay-gradient":""},"mobile":{"background-color":"var(--ast-global-color-4)","background-image":"","background-repeat":"repeat","background-position":"center center","background-size":"auto","background-attachment":"scroll","background-type":"","background-media":"","overlay-type":"","overlay-color":"","overlay-opacity":"","overlay-gradient":""}},"footnotes":""},"class_list":["post-12","page","type-page","status-publish","hentry"],"rttpg_featured_image_url":null,"rttpg_author":{"display_name":"","author_link":"https:\/\/www.mingob.gob.pa\/onpar\/author\/"},"rttpg_comment":0,"rttpg_category":null,"rttpg_excerpt":"La Rep\u00fablica de Panam\u00e1, como Estado miembro de la Organizaci\u00f3n de las Naciones Unidas (ONU), reconoce el Estatuto de la [&hellip;]","_links":{"self":[{"href":"https:\/\/www.mingob.gob.pa\/onpar\/wp-json\/wp\/v2\/pages\/12","targetHints":{"allow":["GET"]}}],"collection":[{"href":"https:\/\/www.mingob.gob.pa\/onpar\/wp-json\/wp\/v2\/pages"}],"about":[{"href":"https:\/\/www.mingob.gob.pa\/onpar\/wp-json\/wp\/v2\/types\/page"}],"author":[{"embeddable":true,"href":"https:\/\/www.mingob.gob.pa\/onpar\/wp-json\/wp\/v2\/users\/1"}],"replies":[{"embeddable":true,"href":"https:\/\/www.mingob.gob.pa\/onpar\/wp-json\/wp\/v2\/comments?post=12"}],"version-history":[{"count":5,"href":"https:\/\/www.mingob.gob.pa\/onpar\/wp-json\/wp\/v2\/pages\/12\/revisions"}],"predecessor-version":[{"id":3766,"href":"https:\/\/www.mingob.gob.pa\/onpar\/wp-json\/wp\/v2\/pages\/12\/revisions\/3766"}],"wp:attachment":[{"href":"https:\/\/www.mingob.gob.pa\/onpar\/wp-json\/wp\/v2\/media?parent=12"}],"curies":[{"name":"wp","href":"https:\/\/api.w.org\/{rel}","templated":true}]}}