{"id":41,"date":"2017-04-28T13:08:54","date_gmt":"2017-04-28T13:08:54","guid":{"rendered":"http:\/\/www.mingob.gob.pa\/prueba\/?page_id=41"},"modified":"2024-07-10T14:14:26","modified_gmt":"2024-07-10T19:14:26","slug":"que-es-integrarte","status":"publish","type":"page","link":"https:\/\/www.mingob.gob.pa\/integrarte\/que-es-integrarte\/","title":{"rendered":"\u00bfQu\u00e9 es IntegrArte?"},"content":{"rendered":"<p>[av_one_full first min_height=\u00bb vertical_alignment=\u00bb space=\u00bb custom_margin=\u00bb margin=&#8217;0px&#8217; padding=&#8217;0px&#8217; border=\u00bb border_color=\u00bb radius=&#8217;0px&#8217; background_color=\u00bb src=\u00bb background_position=&#8217;top left&#8217; background_repeat=&#8217;no-repeat&#8217; animation=\u00bb mobile_display=\u00bb av_uid=&#8217;av-2u00t&#8217;]<br \/>\n[av_textblock size=\u00bb font_color=\u00bb color=\u00bb av-medium-font-size=\u00bb av-small-font-size=\u00bb av-mini-font-size=\u00bb av_uid=&#8217;av-24zel&#8217; id=\u00bb custom_class=\u00bb admin_preview_bg=\u00bb]<\/p>\n<p style=\"text-align: justify;\">En el marco del Proyecto de Cooperaci\u00f3n en Seguridad con Panam\u00e1 (SECOPA), implementado por la Oficina Regional de las Naciones Unidas contra la Droga y el Delito para Centroam\u00e9rica y el Caribe en Panam\u00e1 (UNODC ROPAN), y financiado por la Uni\u00f3n Europea, nace el proyecto<strong>\u00a0IntegrARTE.<\/strong><\/p>\n<p style=\"text-align: justify;\"><strong>IntegrARTE<\/strong>\u00a0es una marca comercial registrada por el Ministerio de Gobierno de Panam\u00e1 a trav\u00e9s de la Direcci\u00f3n General del Sistema Penitenciario, con el objetivo de brindar nuevas perspectivas de reinserci\u00f3n socio-laboral a las personas privadas de libertad, a trav\u00e9s del desarrollo y comercializaci\u00f3n de productos artesanales de calidad, con valor art\u00edstico y funcional, elaborados dentro de los centros penitenciarios.<\/p>\n<p style=\"text-align: justify;\"><strong>IntegrARTE<\/strong> es un ejemplo pr\u00e1ctico y real de lo que debe ser la atenci\u00f3n a las personas privadas de libertad seg\u00fan lo establecido en los instrumentos internacionales entre ellos las Reglas de Bangkok y las Reglas Nelson Mandela y su objetivo es brindar nuevas perspectivas de reinserci\u00f3n socio-laboral a las personas privadas de libertad, a trav\u00e9s del desarrollo y comercializaci\u00f3n de productos artesanales de calidad, con valor art\u00edstico y funcional, elaborados dentro de los centros penitenciarios.\u00a0<strong>IntegrARTE<\/strong>\u00a0representa la motivaci\u00f3n, el trabajo en equipo, el compromiso y la voluntad que hay detr\u00e1s de cada pieza que lleva su nombre.<\/p>\n<p style=\"text-align: justify;\">Es la historia de cada persona privada de libertad que forma parte del proyecto y que ve en el mismo la esperanza de mejorar su vida, tanto dentro del centro penal como una vez recupere su libertad. Tambi\u00e9n representa el aporte que cada uno de nosotros podemos hacer para contribuir con su reintegraci\u00f3n a la sociedad.<\/p>\n<p>[\/av_textblock]<\/p>\n<p>[av_heading heading=&#8217;\u00bfC\u00f3mo nace <strong>IntegrArte?<\/strong>&#8216; tag=&#8217;h3&#8242; link_apply=\u00bb link=&#8217;manually,http:\/\/&#8217; link_target=\u00bb style=&#8217;blockquote modern-quote modern-centered&#8217; size=&#8217;30&#8217; subheading_active=\u00bb subheading_size=&#8217;20&#8217; margin=\u00bb padding=&#8217;10&#8217; color=\u00bb custom_font=&#8217;#ffffff&#8217; custom_class=\u00bb id=\u00bb admin_preview_bg=\u00bb av-desktop-hide=\u00bb av-medium-hide=\u00bb av-small-hide=\u00bb av-mini-hide=\u00bb av-medium-font-size-title=\u00bb av-small-font-size-title=\u00bb av-mini-font-size-title=\u00bb av-medium-font-size=\u00bb av-small-font-size=\u00bb av-mini-font-size=\u00bb av_uid=&#8217;av-1n7a5&#8242;][\/av_heading]<\/p>\n<p>[av_textblock size=\u00bb font_color=\u00bb color=\u00bb av-medium-font-size=\u00bb av-small-font-size=\u00bb av-mini-font-size=\u00bb av_uid=&#8217;av-24zel&#8217; id=\u00bb custom_class=\u00bb admin_preview_bg=\u00bb]<\/p>\n<p style=\"text-align: justify;\">Tras los muros de los centros penitenciarios del pa\u00eds se encuentra un gran potencial humano, personas, seres humanos como nosotros, que con sus manos y talento pueden crear y construir una nueva realidad.<\/p>\n<p style=\"text-align: justify;\">As\u00ed nace\u00a0<strong>IntegrARTE<\/strong>\u00a0la primera marca penitenciaria de Panam\u00e1 registrada por el Ministerio de Gobierno, la cual respalda los mejores productos elaborados por las personas privadas de libertad en los talleres de los distintos centros penitenciarios, a trav\u00e9s de los cuales la Direcci\u00f3n General del Sistema Penitenciario de Panam\u00e1 contribuye con su resocializaci\u00f3n.<\/p>\n<p style=\"text-align: justify;\">La Oficina de Naciones Unidas contra la Droga y el Delito (UNODC) asiste t\u00e9cnicamente a los Estados Miembros para hacer frente a la crisis penitenciaria global, brindando apoyo a iniciativas de reforma penitenciaria en l\u00ednea con los derechos humanos, promoviendo la aplicaci\u00f3n de normas y est\u00e1ndares internacionales de prevenci\u00f3n del delito y justicia penal.<\/p>\n<p style=\"text-align: justify;\">En este sentido, el Proyecto de Cooperaci\u00f3n en Seguridad con Panam\u00e1 (SECOPA), implementado por la Oficina Regional de UNODC para Centroam\u00e9rica y el Caribe en Panam\u00e1 (UNODC ROPAN), con el financiamiento de la Uni\u00f3n Europea, apoya al Ministerio de Gobierno y a la Direcci\u00f3n General del Sistema Penitenciario de Panam\u00e1 a efectos de fortalecer y modernizar la capacidad de gesti\u00f3n penitenciaria para facilitar la reintegraci\u00f3n social de las personas privadas de libertad desde una perspectiva de derechos humanos. Es en este contexto que surge\u00a0<strong>IntegrARTE.<br \/>\n<\/strong><br \/>\nEl lanzamiento de esta marca es parte integral del plan estrat\u00e9gico del Ministerio de Gobierno, que tiene entre sus objetivos, contribuir a la resocializaci\u00f3n de las personas privadas de libertad y procurar su reinserci\u00f3n a la sociedad cuando sean liberadas. A trav\u00e9s de la elaboraci\u00f3n de los productos respaldados por la marca, las personas privadas de libertad adquieren habilidades y destrezas que ser\u00e1n claves para que puedan contribuir al desarrollo de sus familias y del pa\u00eds.<\/p>\n<p>[\/av_textblock]<\/p>\n<p>[av_heading heading=&#8217;Taller de <strong>Libertad<\/strong>&#8216; tag=&#8217;h3&#8242; link_apply=\u00bb link=&#8217;manually,http:\/\/&#8217; link_target=\u00bb style=&#8217;blockquote modern-quote modern-centered&#8217; size=&#8217;30&#8217; subheading_active=\u00bb subheading_size=&#8217;20&#8217; margin=\u00bb padding=&#8217;10&#8217; color=\u00bb custom_font=&#8217;#ffffff&#8217; custom_class=\u00bb id=\u00bb admin_preview_bg=\u00bb av-desktop-hide=\u00bb av-medium-hide=\u00bb av-small-hide=\u00bb av-mini-hide=\u00bb av-medium-font-size-title=\u00bb av-small-font-size-title=\u00bb av-mini-font-size-title=\u00bb av-medium-font-size=\u00bb av-small-font-size=\u00bb av-mini-font-size=\u00bb av_uid=&#8217;av-p9it&#8217;][\/av_heading]<\/p>\n<p>[av_textblock size=\u00bb font_color=\u00bb color=\u00bb av-medium-font-size=\u00bb av-small-font-size=\u00bb av-mini-font-size=\u00bb av_uid=&#8217;av-24zel&#8217; id=\u00bb custom_class=\u00bb admin_preview_bg=\u00bb]<\/p>\n<p style=\"text-align: justify;\"><strong>Taller de Libertad<\/strong>\u00a0es el concepto detr\u00e1s de la marca, pues seg\u00fan las propias personas privadas de libertad que forman parte de este proyecto, es el sentimiento que experimentan al dedicar su tiempo a la creatividad y al trabajo artesanal.<\/p>\n<p style=\"text-align: justify;\">Durante el desarrollo de este proyecto y como parte de una responsabilidad social compartida, se ha logrado la integraci\u00f3n de diferentes actores de la sociedad, tales como artistas locales, creativos, profesionales de distintas ramas, comerciantes y otros cooperantes, que con su participaci\u00f3n en las diferentes etapas de elaboraci\u00f3n y venta de los productos, ayudar\u00e1n a que las personas privadas de libertad adquieran habilidades que les permitir\u00e1n regresar a la sociedad como personas capaces de contribuir con el desarrollo del pa\u00eds.<\/p>\n<p>[\/av_textblock]<br \/>\n[\/av_one_full]<\/p>\n","protected":false},"excerpt":{"rendered":"<p>[av_one_full first min_height=\u00bb vertical_alignment=\u00bb space=\u00bb custom_margin=\u00bb margin=&#8217;0px&#8217; padding=&#8217;0px&#8217; border=\u00bb border_color=\u00bb radius=&#8217;0px&#8217; background_color=\u00bb src=\u00bb background_position=&#8217;top left&#8217; background_repeat=&#8217;no-repeat&#8217; animation=\u00bb mobile_display=\u00bb av_uid=&#8217;av-2u00t&#8217;] [av_textblock [&hellip;]<\/p>\n","protected":false},"author":24,"featured_media":0,"parent":0,"menu_order":0,"comment_status":"closed","ping_status":"closed","template":"","meta":{"site-sidebar-layout":"default","site-content-layout":"","ast-site-content-layout":"default","site-content-style":"default","site-sidebar-style":"default","ast-global-header-display":"","ast-banner-title-visibility":"","ast-main-header-display":"","ast-hfb-above-header-display":"","ast-hfb-below-header-display":"","ast-hfb-mobile-header-display":"","site-post-title":"","ast-breadcrumbs-content":"","ast-featured-img":"","footer-sml-layout":"","ast-disable-related-posts":"","theme-transparent-header-meta":"","adv-header-id-meta":"","stick-header-meta":"","header-above-stick-meta":"","header-main-stick-meta":"","header-below-stick-meta":"","astra-migrate-meta-layouts":"default","ast-page-background-enabled":"default","ast-page-background-meta":{"desktop":{"background-color":"var(--ast-global-color-5)","background-image":"","background-repeat":"repeat","background-position":"center center","background-size":"auto","background-attachment":"scroll","background-type":"","background-media":"","overlay-type":"","overlay-color":"","overlay-opacity":"","overlay-gradient":""},"tablet":{"background-color":"","background-image":"","background-repeat":"repeat","background-position":"center center","background-size":"auto","background-attachment":"scroll","background-type":"","background-media":"","overlay-type":"","overlay-color":"","overlay-opacity":"","overlay-gradient":""},"mobile":{"background-color":"","background-image":"","background-repeat":"repeat","background-position":"center center","background-size":"auto","background-attachment":"scroll","background-type":"","background-media":"","overlay-type":"","overlay-color":"","overlay-opacity":"","overlay-gradient":""}},"ast-content-background-meta":{"desktop":{"background-color":"var(--ast-global-color-4)","background-image":"","background-repeat":"repeat","background-position":"center center","background-size":"auto","background-attachment":"scroll","background-type":"","background-media":"","overlay-type":"","overlay-color":"","overlay-opacity":"","overlay-gradient":""},"tablet":{"background-color":"var(--ast-global-color-4)","background-image":"","background-repeat":"repeat","background-position":"center center","background-size":"auto","background-attachment":"scroll","background-type":"","background-media":"","overlay-type":"","overlay-color":"","overlay-opacity":"","overlay-gradient":""},"mobile":{"background-color":"var(--ast-global-color-4)","background-image":"","background-repeat":"repeat","background-position":"center center","background-size":"auto","background-attachment":"scroll","background-type":"","background-media":"","overlay-type":"","overlay-color":"","overlay-opacity":"","overlay-gradient":""}},"footnotes":""},"class_list":["post-41","page","type-page","status-publish","hentry"],"_links":{"self":[{"href":"https:\/\/www.mingob.gob.pa\/integrarte\/wp-json\/wp\/v2\/pages\/41","targetHints":{"allow":["GET"]}}],"collection":[{"href":"https:\/\/www.mingob.gob.pa\/integrarte\/wp-json\/wp\/v2\/pages"}],"about":[{"href":"https:\/\/www.mingob.gob.pa\/integrarte\/wp-json\/wp\/v2\/types\/page"}],"author":[{"embeddable":true,"href":"https:\/\/www.mingob.gob.pa\/integrarte\/wp-json\/wp\/v2\/users\/24"}],"replies":[{"embeddable":true,"href":"https:\/\/www.mingob.gob.pa\/integrarte\/wp-json\/wp\/v2\/comments?post=41"}],"version-history":[{"count":0,"href":"https:\/\/www.mingob.gob.pa\/integrarte\/wp-json\/wp\/v2\/pages\/41\/revisions"}],"wp:attachment":[{"href":"https:\/\/www.mingob.gob.pa\/integrarte\/wp-json\/wp\/v2\/media?parent=41"}],"curies":[{"name":"wp","href":"https:\/\/api.w.org\/{rel}","templated":true}]}}

¿Qué es IntegrArte?

<p>[av_one_full first min_height=» vertical_alignment=» space=» custom_margin=» margin=&#8217;0px&#8217; padding=&#8217;0px&#8217; border=» border_color=» radius=&#8217;0px&#8217; background_color=» src=» background_position=&#8217;top left&#8217; background_repeat=&#8217;no-repeat&#8217; animation=» mobile_display=» av_uid=&#8217;av-2u00t&#8217;]<br />
[av_textblock size=» font_color=» color=» av-medium-font-size=» av-small-font-size=» av-mini-font-size=» av_uid=&#8217;av-24zel&#8217; id=» custom_class=» admin_preview_bg=»]</p>
<p style="text-align: justify;">En el marco del Proyecto de Cooperación en Seguridad con Panamá (SECOPA), implementado por la Oficina Regional de las Naciones Unidas contra la Droga y el Delito para Centroamérica y el Caribe en Panamá (UNODC ROPAN), y financiado por la Unión Europea, nace el proyecto<strong> IntegrARTE.</strong></p>
<p style="text-align: justify;"><strong>IntegrARTE</strong> es una marca comercial registrada por el Ministerio de Gobierno de Panamá a través de la Dirección General del Sistema Penitenciario, con el objetivo de brindar nuevas perspectivas de reinserción socio-laboral a las personas privadas de libertad, a través del desarrollo y comercialización de productos artesanales de calidad, con valor artístico y funcional, elaborados dentro de los centros penitenciarios.</p>
<p style="text-align: justify;"><strong>IntegrARTE</strong> es un ejemplo práctico y real de lo que debe ser la atención a las personas privadas de libertad según lo establecido en los instrumentos internacionales entre ellos las Reglas de Bangkok y las Reglas Nelson Mandela y su objetivo es brindar nuevas perspectivas de reinserción socio-laboral a las personas privadas de libertad, a través del desarrollo y comercialización de productos artesanales de calidad, con valor artístico y funcional, elaborados dentro de los centros penitenciarios. <strong>IntegrARTE</strong> representa la motivación, el trabajo en equipo, el compromiso y la voluntad que hay detrás de cada pieza que lleva su nombre.</p>
<p style="text-align: justify;">Es la historia de cada persona privada de libertad que forma parte del proyecto y que ve en el mismo la esperanza de mejorar su vida, tanto dentro del centro penal como una vez recupere su libertad. También representa el aporte que cada uno de nosotros podemos hacer para contribuir con su reintegración a la sociedad.</p>
<p>[/av_textblock]</p>
<p>[av_heading heading=&#8217;¿Cómo nace <strong>IntegrArte?</strong>&#8216; tag=&#8217;h3&#8242; link_apply=» link=&#8217;manually,http://&#8217; link_target=» style=&#8217;blockquote modern-quote modern-centered&#8217; size=&#8217;30&#8217; subheading_active=» subheading_size=&#8217;20&#8217; margin=» padding=&#8217;10&#8217; color=» custom_font=&#8217;#ffffff&#8217; custom_class=» id=» admin_preview_bg=» av-desktop-hide=» av-medium-hide=» av-small-hide=» av-mini-hide=» av-medium-font-size-title=» av-small-font-size-title=» av-mini-font-size-title=» av-medium-font-size=» av-small-font-size=» av-mini-font-size=» av_uid=&#8217;av-1n7a5&#8242;][/av_heading]</p>
<p>[av_textblock size=» font_color=» color=» av-medium-font-size=» av-small-font-size=» av-mini-font-size=» av_uid=&#8217;av-24zel&#8217; id=» custom_class=» admin_preview_bg=»]</p>
<p style="text-align: justify;">Tras los muros de los centros penitenciarios del país se encuentra un gran potencial humano, personas, seres humanos como nosotros, que con sus manos y talento pueden crear y construir una nueva realidad.</p>
<p style="text-align: justify;">Así nace <strong>IntegrARTE</strong> la primera marca penitenciaria de Panamá registrada por el Ministerio de Gobierno, la cual respalda los mejores productos elaborados por las personas privadas de libertad en los talleres de los distintos centros penitenciarios, a través de los cuales la Dirección General del Sistema Penitenciario de Panamá contribuye con su resocialización.</p>
<p style="text-align: justify;">La Oficina de Naciones Unidas contra la Droga y el Delito (UNODC) asiste técnicamente a los Estados Miembros para hacer frente a la crisis penitenciaria global, brindando apoyo a iniciativas de reforma penitenciaria en línea con los derechos humanos, promoviendo la aplicación de normas y estándares internacionales de prevención del delito y justicia penal.</p>
<p style="text-align: justify;">En este sentido, el Proyecto de Cooperación en Seguridad con Panamá (SECOPA), implementado por la Oficina Regional de UNODC para Centroamérica y el Caribe en Panamá (UNODC ROPAN), con el financiamiento de la Unión Europea, apoya al Ministerio de Gobierno y a la Dirección General del Sistema Penitenciario de Panamá a efectos de fortalecer y modernizar la capacidad de gestión penitenciaria para facilitar la reintegración social de las personas privadas de libertad desde una perspectiva de derechos humanos. Es en este contexto que surge <strong>IntegrARTE.<br />
</strong><br />
El lanzamiento de esta marca es parte integral del plan estratégico del Ministerio de Gobierno, que tiene entre sus objetivos, contribuir a la resocialización de las personas privadas de libertad y procurar su reinserción a la sociedad cuando sean liberadas. A través de la elaboración de los productos respaldados por la marca, las personas privadas de libertad adquieren habilidades y destrezas que serán claves para que puedan contribuir al desarrollo de sus familias y del país.</p>
<p>[/av_textblock]</p>
<p>[av_heading heading=&#8217;Taller de <strong>Libertad</strong>&#8216; tag=&#8217;h3&#8242; link_apply=» link=&#8217;manually,http://&#8217; link_target=» style=&#8217;blockquote modern-quote modern-centered&#8217; size=&#8217;30&#8217; subheading_active=» subheading_size=&#8217;20&#8217; margin=» padding=&#8217;10&#8217; color=» custom_font=&#8217;#ffffff&#8217; custom_class=» id=» admin_preview_bg=» av-desktop-hide=» av-medium-hide=» av-small-hide=» av-mini-hide=» av-medium-font-size-title=» av-small-font-size-title=» av-mini-font-size-title=» av-medium-font-size=» av-small-font-size=» av-mini-font-size=» av_uid=&#8217;av-p9it&#8217;][/av_heading]</p>
<p>[av_textblock size=» font_color=» color=» av-medium-font-size=» av-small-font-size=» av-mini-font-size=» av_uid=&#8217;av-24zel&#8217; id=» custom_class=» admin_preview_bg=»]</p>
<p style="text-align: justify;"><strong>Taller de Libertad</strong> es el concepto detrás de la marca, pues según las propias personas privadas de libertad que forman parte de este proyecto, es el sentimiento que experimentan al dedicar su tiempo a la creatividad y al trabajo artesanal.</p>
<p style="text-align: justify;">Durante el desarrollo de este proyecto y como parte de una responsabilidad social compartida, se ha logrado la integración de diferentes actores de la sociedad, tales como artistas locales, creativos, profesionales de distintas ramas, comerciantes y otros cooperantes, que con su participación en las diferentes etapas de elaboración y venta de los productos, ayudarán a que las personas privadas de libertad adquieran habilidades que les permitirán regresar a la sociedad como personas capaces de contribuir con el desarrollo del país.</p>
<p>[/av_textblock]<br />
[/av_one_full]</p>
