{"id":168,"date":"2017-05-04T20:49:05","date_gmt":"2017-05-04T20:49:05","guid":{"rendered":"http:\/\/www.mingob.gob.pa\/prueba\/?page_id=168"},"modified":"2024-07-10T14:14:46","modified_gmt":"2024-07-10T19:14:46","slug":"acerca-de-la-fase-de-produccion","status":"publish","type":"page","link":"https:\/\/www.mingob.gob.pa\/integrarte\/acerca-de-la-fase-de-produccion\/","title":{"rendered":"Acerca de la Fase de Producci\u00f3n"},"content":{"rendered":"<p>[av_one_half first min_height=\u00bb vertical_alignment=\u00bb space=\u00bb custom_margin=\u00bb margin=&#8217;0px&#8217; padding=&#8217;0px&#8217; border=\u00bb border_color=\u00bb radius=&#8217;0px&#8217; background_color=\u00bb src=\u00bb background_position=&#8217;top left&#8217; background_repeat=&#8217;no-repeat&#8217; animation=\u00bb mobile_display=\u00bb av_uid=&#8217;av-znv9k&#8217;]<br \/>\n[av_textblock size=\u00bb font_color=\u00bb color=\u00bb av-medium-font-size=\u00bb av-small-font-size=\u00bb av-mini-font-size=\u00bb av_uid=&#8217;av-2ru9k&#8217; id=\u00bb custom_class=\u00bb admin_preview_bg=\u00bb]<\/p>\n<p style=\"text-align: justify;\">Actualmente hay talleres de <strong>IntegrARTE<\/strong> en cuatro centros del pa\u00eds: Centro Femenino Cecilia Chiari de Orillac, Centro Penitenciario Tinajitas, Centro Penitenciario de David y Centro Penitenciario La Joya. Con el avance del proyecto se busca incorporar m\u00e1s talleres de <strong>IntegrARTE<\/strong> a nivel nacional, para que todos los centros penitenciarios puedan formar parte del mismo.<br \/>\nLa primera colecci\u00f3n que se lanza bajo la marca <strong>IntegrARTE<\/strong> incluye distintos tipos de productos que van desde ropa y accesorios hasta muebles de madera, art\u00edculos para el hogar, artesan\u00edas, entre otros.<\/p>\n<p style=\"text-align: justify;\">La colecci\u00f3n de ropa \u201cPara\u00edso \u00c9tnico \u201d se basa en las t\u00e9cnicas tradicionales utilizadas para la elaboraci\u00f3n del traje t\u00edpico paname\u00f1o y de los trajes aut\u00f3ctonos de los pueblos ind\u00edgenas del pa\u00eds, combinadas con el estilo de los a\u00f1os 70 y 80, dando como resultado una imagen colorida, vibrante y fresca, propia de la identidad de nuestro pa\u00eds. El resto de la colecci\u00f3n de los mejores productos artesanales elaborados por las personas privadas de libertad, los cuales se caracterizan por un dise\u00f1o vanguardista, funcional y de calidad, que estamos seguros despertar\u00e1 el inter\u00e9s del mercado local, forjando el camino hacia la comercializaci\u00f3n de la marca a trav\u00e9s de alianzas con distintas empresas privadas a nivel nacional.<\/p>\n<p>[\/av_textblock]<br \/>\n[\/av_one_half]<\/p>\n<p>[av_one_half min_height=\u00bb vertical_alignment=\u00bb space=\u00bb custom_margin=\u00bb margin=&#8217;0px&#8217; padding=&#8217;0px&#8217; border=\u00bb border_color=\u00bb radius=&#8217;0px&#8217; background_color=\u00bb src=\u00bb background_position=&#8217;top left&#8217; background_repeat=&#8217;no-repeat&#8217; animation=\u00bb mobile_display=\u00bb av_uid=&#8217;av-214ug&#8217;]<br \/>\n[av_image src=&#8217;https:\/\/www.mingob.gob.pa\/prueba\/wp-content\/uploads\/sites\/12\/2017\/05\/CATALOGO-INTEGRARTE-9b.jpg&#8217; attachment=&#8217;375&#8242; attachment_size=&#8217;full&#8217; align=&#8217;center&#8217; styling=\u00bb hover=\u00bb link=\u00bb target=\u00bb caption=\u00bb font_size=\u00bb appearance=\u00bb overlay_opacity=&#8217;0.4&#8242; overlay_color=&#8217;#000000&#8242; overlay_text_color=&#8217;#ffffff&#8217; animation=&#8217;no-animation&#8217; av_uid=&#8217;av-gkk7k&#8217;][\/av_image]<\/p>\n<p>[av_image src=&#8217;https:\/\/www.mingob.gob.pa\/prueba\/wp-content\/uploads\/sites\/12\/2017\/05\/CATALOGO-INTEGRARTE-9a.jpg&#8217; attachment=&#8217;374&#8242; attachment_size=&#8217;full&#8217; align=&#8217;center&#8217; styling=\u00bb hover=\u00bb link=\u00bb target=\u00bb caption=\u00bb font_size=\u00bb appearance=\u00bb overlay_opacity=&#8217;0.4&#8242; overlay_color=&#8217;#000000&#8242; overlay_text_color=&#8217;#ffffff&#8217; animation=&#8217;no-animation&#8217; av_uid=&#8217;av-bns0g&#8217;][\/av_image]<br \/>\n[\/av_one_half]<\/p>\n","protected":false},"excerpt":{"rendered":"<p>[av_one_half first min_height=\u00bb vertical_alignment=\u00bb space=\u00bb custom_margin=\u00bb margin=&#8217;0px&#8217; padding=&#8217;0px&#8217; border=\u00bb border_color=\u00bb radius=&#8217;0px&#8217; background_color=\u00bb src=\u00bb background_position=&#8217;top left&#8217; background_repeat=&#8217;no-repeat&#8217; animation=\u00bb mobile_display=\u00bb av_uid=&#8217;av-znv9k&#8217;] [av_textblock [&hellip;]<\/p>\n","protected":false},"author":24,"featured_media":0,"parent":0,"menu_order":0,"comment_status":"closed","ping_status":"closed","template":"","meta":{"site-sidebar-layout":"default","site-content-layout":"","ast-site-content-layout":"default","site-content-style":"default","site-sidebar-style":"default","ast-global-header-display":"","ast-banner-title-visibility":"","ast-main-header-display":"","ast-hfb-above-header-display":"","ast-hfb-below-header-display":"","ast-hfb-mobile-header-display":"","site-post-title":"","ast-breadcrumbs-content":"","ast-featured-img":"","footer-sml-layout":"","ast-disable-related-posts":"","theme-transparent-header-meta":"","adv-header-id-meta":"","stick-header-meta":"","header-above-stick-meta":"","header-main-stick-meta":"","header-below-stick-meta":"","astra-migrate-meta-layouts":"default","ast-page-background-enabled":"default","ast-page-background-meta":{"desktop":{"background-color":"var(--ast-global-color-5)","background-image":"","background-repeat":"repeat","background-position":"center center","background-size":"auto","background-attachment":"scroll","background-type":"","background-media":"","overlay-type":"","overlay-color":"","overlay-opacity":"","overlay-gradient":""},"tablet":{"background-color":"","background-image":"","background-repeat":"repeat","background-position":"center center","background-size":"auto","background-attachment":"scroll","background-type":"","background-media":"","overlay-type":"","overlay-color":"","overlay-opacity":"","overlay-gradient":""},"mobile":{"background-color":"","background-image":"","background-repeat":"repeat","background-position":"center center","background-size":"auto","background-attachment":"scroll","background-type":"","background-media":"","overlay-type":"","overlay-color":"","overlay-opacity":"","overlay-gradient":""}},"ast-content-background-meta":{"desktop":{"background-color":"var(--ast-global-color-4)","background-image":"","background-repeat":"repeat","background-position":"center center","background-size":"auto","background-attachment":"scroll","background-type":"","background-media":"","overlay-type":"","overlay-color":"","overlay-opacity":"","overlay-gradient":""},"tablet":{"background-color":"var(--ast-global-color-4)","background-image":"","background-repeat":"repeat","background-position":"center center","background-size":"auto","background-attachment":"scroll","background-type":"","background-media":"","overlay-type":"","overlay-color":"","overlay-opacity":"","overlay-gradient":""},"mobile":{"background-color":"var(--ast-global-color-4)","background-image":"","background-repeat":"repeat","background-position":"center center","background-size":"auto","background-attachment":"scroll","background-type":"","background-media":"","overlay-type":"","overlay-color":"","overlay-opacity":"","overlay-gradient":""}},"footnotes":""},"class_list":["post-168","page","type-page","status-publish","hentry"],"_links":{"self":[{"href":"https:\/\/www.mingob.gob.pa\/integrarte\/wp-json\/wp\/v2\/pages\/168","targetHints":{"allow":["GET"]}}],"collection":[{"href":"https:\/\/www.mingob.gob.pa\/integrarte\/wp-json\/wp\/v2\/pages"}],"about":[{"href":"https:\/\/www.mingob.gob.pa\/integrarte\/wp-json\/wp\/v2\/types\/page"}],"author":[{"embeddable":true,"href":"https:\/\/www.mingob.gob.pa\/integrarte\/wp-json\/wp\/v2\/users\/24"}],"replies":[{"embeddable":true,"href":"https:\/\/www.mingob.gob.pa\/integrarte\/wp-json\/wp\/v2\/comments?post=168"}],"version-history":[{"count":0,"href":"https:\/\/www.mingob.gob.pa\/integrarte\/wp-json\/wp\/v2\/pages\/168\/revisions"}],"wp:attachment":[{"href":"https:\/\/www.mingob.gob.pa\/integrarte\/wp-json\/wp\/v2\/media?parent=168"}],"curies":[{"name":"wp","href":"https:\/\/api.w.org\/{rel}","templated":true}]}}