{"id":546,"date":"2018-09-04T20:23:45","date_gmt":"2018-09-04T20:23:45","guid":{"rendered":"http:\/\/www.mingob.gob.pa\/iei\/?page_id=546"},"modified":"2020-12-30T20:38:07","modified_gmt":"2020-12-31T01:38:07","slug":"que-es-el-iei","status":"publish","type":"page","link":"https:\/\/www.mingob.gob.pa\/iei\/que-es-el-iei\/","title":{"rendered":"\u00bfQu\u00e9 es el IEI?"},"content":{"rendered":"<p>[av_one_full first min_height=\u00bb vertical_alignment=\u00bb space=\u00bb custom_margin=\u00bb margin=&#8217;0px&#8217; padding=&#8217;0px&#8217; border=\u00bb border_color=\u00bb radius=&#8217;0px&#8217; background_color=\u00bb src=\u00bb background_position=&#8217;top left&#8217; background_repeat=&#8217;no-repeat&#8217; animation=\u00bb mobile_display=\u00bb]<\/p>\n<p>[av_textblock size=\u00bb font_color=\u00bb color=\u00bb]<\/p>\n<p style=\"text-align: justify\">Es un ente semiaut\u00f3nomo, adscrito al Ministerio de Gobierno, cuya competencia es la atenci\u00f3n Integral de los Adolescentes con Sanciones Judiciales. Ubicada en el Dorado la Plaza Sun Tower donde esta el Banco Nacional de Panam\u00e1 oficina No. 12.<\/p>\n<p style=\"text-align: justify\">De acuerdo a la Ley 40 del 26 -8-1999, seg\u00fan art\u00edculo No. 149.<\/p>\n<p style=\"text-align: justify\">Es la Instituci\u00f3n donde se cumplen las sanciones privativas de libertad y no privativas de libertad.<\/p>\n<p>[\/av_textblock]<\/p>\n<p>[av_heading tag=&#8217;h4&#8242; padding=&#8217;25&#8217; heading=&#8217;Funciones del IEI: &#8216; color=\u00bb style=\u00bb custom_font=\u00bb size=\u00bb subheading_active=\u00bb subheading_size=&#8217;15&#8217; custom_class=\u00bb][\/av_heading]<\/p>\n<p>[av_textblock size=\u00bb font_color=\u00bb color=\u00bb]<\/p>\n<ol>\n<li style=\"text-align: justify\">Velar por el cumplimiento de los fines de la sanci\u00f3n.<\/li>\n<li style=\"text-align: justify\">Organizar y administrar programas de ejecuci\u00f3n de sanciones.<\/li>\n<li style=\"text-align: justify\">Informar, peri\u00f3dicamente, al juez competente sobre el avance del PIC en cada caso.<\/li>\n<li style=\"text-align: justify\">Organizar y administrar los centros de cumplimiento y los centros de custodia.<\/li>\n<li style=\"text-align: justify\">Promover, con la participaci\u00f3n de las comunidades, las asociaciones y las iglesias, la organizaci\u00f3n de programas, as\u00ed como brindarles apoyo t\u00e9cnico y supervisar su labor.<\/li>\n<li style=\"text-align: justify\">Poner en pr\u00e1ctica un sistema de informaci\u00f3n que permita evaluar y darle seguimiento al desempe\u00f1o de los programas de resocializaci\u00f3n, creaci\u00f3n de un banco centralizado de datos, el cual mantendr\u00e1 y conservar\u00e1 en coordinaci\u00f3n con las instituciones del sistema de justicia penal para la adolescencia, salvaguard\u00e1ndose la confidencialidad.<\/li>\n<li style=\"text-align: justify\">Realizar estudios y an\u00e1lisis sobre la situaci\u00f3n social de los adolescentes que est\u00e1n bajo responsabilidad de las autoridades.<\/li>\n<\/ol>\n<p>[\/av_textblock]<\/p>\n<p>[\/av_one_full][av_heading heading=&#8217;Perfil de los j\u00f3venes infractores&#8217; tag=&#8217;h4&#8242; style=\u00bb size=\u00bb subheading_active=\u00bb subheading_size=&#8217;15&#8217; padding=&#8217;25&#8217; color=\u00bb custom_font=\u00bb][\/av_heading]<\/p>\n<p>[av_textblock size=\u00bb font_color=\u00bb color=\u00bb]<\/p>\n<p style=\"text-align: justify\">La edad de mayor incidencia, en el momento del inicio de la medida judicial, es a los 16,17 a\u00f1os, habiendo un bajo porcentaje\u00a0 de femeninas el cual var\u00eda de un 5% a 10%.<\/p>\n<p style=\"text-align: justify\">Podr\u00eda decirse que los j\u00f3venes privados de libertad\u00a0 presentan diferentes tipos de carencias y niveles de intensidad seg\u00fan los casos y, por tanto, con consecuencias distintas en la esfera socio personal.<\/p>\n<p>[\/av_textblock]<\/p>\n","protected":false},"excerpt":{"rendered":"<p>[av_one_full first min_height=\u00bb vertical_alignment=\u00bb space=\u00bb custom_margin=\u00bb margin=&#8217;0px&#8217; padding=&#8217;0px&#8217; border=\u00bb border_color=\u00bb radius=&#8217;0px&#8217; background_color=\u00bb src=\u00bb background_position=&#8217;top left&#8217; background_repeat=&#8217;no-repeat&#8217; animation=\u00bb mobile_display=\u00bb] [av_textblock size=\u00bb [&hellip;]<\/p>\n","protected":false},"author":5,"featured_media":0,"parent":0,"menu_order":0,"comment_status":"closed","ping_status":"closed","template":"","meta":{"site-sidebar-layout":"default","site-content-layout":"","ast-site-content-layout":"default","site-content-style":"default","site-sidebar-style":"default","ast-global-header-display":"","ast-banner-title-visibility":"","ast-main-header-display":"","ast-hfb-above-header-display":"","ast-hfb-below-header-display":"","ast-hfb-mobile-header-display":"","site-post-title":"","ast-breadcrumbs-content":"","ast-featured-img":"","footer-sml-layout":"","ast-disable-related-posts":"","theme-transparent-header-meta":"","adv-header-id-meta":"","stick-header-meta":"","header-above-stick-meta":"","header-main-stick-meta":"","header-below-stick-meta":"","astra-migrate-meta-layouts":"default","ast-page-background-enabled":"default","ast-page-background-meta":{"desktop":{"background-color":"var(--ast-global-color-5)","background-image":"","background-repeat":"repeat","background-position":"center center","background-size":"auto","background-attachment":"scroll","background-type":"","background-media":"","overlay-type":"","overlay-color":"","overlay-opacity":"","overlay-gradient":""},"tablet":{"background-color":"","background-image":"","background-repeat":"repeat","background-position":"center center","background-size":"auto","background-attachment":"scroll","background-type":"","background-media":"","overlay-type":"","overlay-color":"","overlay-opacity":"","overlay-gradient":""},"mobile":{"background-color":"","background-image":"","background-repeat":"repeat","background-position":"center center","background-size":"auto","background-attachment":"scroll","background-type":"","background-media":"","overlay-type":"","overlay-color":"","overlay-opacity":"","overlay-gradient":""}},"ast-content-background-meta":{"desktop":{"background-color":"var(--ast-global-color-4)","background-image":"","background-repeat":"repeat","background-position":"center center","background-size":"auto","background-attachment":"scroll","background-type":"","background-media":"","overlay-type":"","overlay-color":"","overlay-opacity":"","overlay-gradient":""},"tablet":{"background-color":"var(--ast-global-color-4)","background-image":"","background-repeat":"repeat","background-position":"center center","background-size":"auto","background-attachment":"scroll","background-type":"","background-media":"","overlay-type":"","overlay-color":"","overlay-opacity":"","overlay-gradient":""},"mobile":{"background-color":"var(--ast-global-color-4)","background-image":"","background-repeat":"repeat","background-position":"center center","background-size":"auto","background-attachment":"scroll","background-type":"","background-media":"","overlay-type":"","overlay-color":"","overlay-opacity":"","overlay-gradient":""}},"footnotes":""},"class_list":["post-546","page","type-page","status-publish","hentry"],"rttpg_featured_image_url":null,"rttpg_author":{"display_name":"Administrador Web","author_link":"https:\/\/www.mingob.gob.pa\/iei\/author\/nbarrios\/"},"rttpg_comment":0,"rttpg_category":null,"rttpg_excerpt":"[av_one_full first min_height=\u00bb vertical_alignment=\u00bb space=\u00bb custom_margin=\u00bb margin=&#8217;0px&#8217; padding=&#8217;0px&#8217; border=\u00bb border_color=\u00bb radius=&#8217;0px&#8217; background_color=\u00bb src=\u00bb background_position=&#8217;top left&#8217; background_repeat=&#8217;no-repeat&#8217; animation=\u00bb mobile_display=\u00bb] [av_textblock size=\u00bb [&hellip;]","_links":{"self":[{"href":"https:\/\/www.mingob.gob.pa\/iei\/wp-json\/wp\/v2\/pages\/546","targetHints":{"allow":["GET"]}}],"collection":[{"href":"https:\/\/www.mingob.gob.pa\/iei\/wp-json\/wp\/v2\/pages"}],"about":[{"href":"https:\/\/www.mingob.gob.pa\/iei\/wp-json\/wp\/v2\/types\/page"}],"author":[{"embeddable":true,"href":"https:\/\/www.mingob.gob.pa\/iei\/wp-json\/wp\/v2\/users\/5"}],"replies":[{"embeddable":true,"href":"https:\/\/www.mingob.gob.pa\/iei\/wp-json\/wp\/v2\/comments?post=546"}],"version-history":[{"count":0,"href":"https:\/\/www.mingob.gob.pa\/iei\/wp-json\/wp\/v2\/pages\/546\/revisions"}],"wp:attachment":[{"href":"https:\/\/www.mingob.gob.pa\/iei\/wp-json\/wp\/v2\/media?parent=546"}],"curies":[{"name":"wp","href":"https:\/\/api.w.org\/{rel}","templated":true}]}}