{"id":45961,"date":"2020-09-24T16:01:24","date_gmt":"2020-09-24T21:01:24","guid":{"rendered":"http:\/\/www.mingob.gob.pa\/iei\/?page_id=45961"},"modified":"2025-11-24T11:34:13","modified_gmt":"2025-11-24T16:34:13","slug":"medidas-alternas-2","status":"publish","type":"page","link":"https:\/\/www.mingob.gob.pa\/iei\/medidas-alternas-2\/","title":{"rendered":"Medidas Alternas"},"content":{"rendered":"\t\t<div data-elementor-type=\"wp-page\" data-elementor-id=\"45961\" class=\"elementor elementor-45961\">\n\t\t\t\t\t\t<section class=\"elementor-section elementor-top-section elementor-element elementor-element-3d48d7d elementor-section-boxed elementor-section-height-default elementor-section-height-default\" data-id=\"3d48d7d\" data-element_type=\"section\" data-e-type=\"section\">\n\t\t\t\t\t\t<div class=\"elementor-container elementor-column-gap-default\">\n\t\t\t\t\t<div class=\"elementor-column elementor-col-100 elementor-top-column elementor-element elementor-element-5971089\" data-id=\"5971089\" data-element_type=\"column\" data-e-type=\"column\">\n\t\t\t<div class=\"elementor-widget-wrap elementor-element-populated\">\n\t\t\t\t\t\t<div class=\"elementor-element elementor-element-02166fa elementor-widget__width-initial elementor-widget elementor-widget-eael-adv-tabs\" data-id=\"02166fa\" data-element_type=\"widget\" data-e-type=\"widget\" data-widget_type=\"eael-adv-tabs.default\">\n\t\t\t\t<div class=\"elementor-widget-container\">\n\t\t\t\t\t        <div data-scroll-on-click=\"no\" data-scroll-speed=\"300\" id=\"eael-advance-tabs-02166fa\" class=\"eael-advance-tabs eael-tabs-horizontal eael-tab-auto-active \" data-tabid=\"02166fa\">\n            <div class=\"eael-tabs-nav \">\n                <ul class=\"eael-tab-inline-icon\" role=\"tablist\">\n                                            <li id=\"seccin-de-jvenes-adultos\" class=\"inactive eael-tab-item-trigger eael-tab-nav-item\" aria-selected=\"true\" data-tab=\"1\" role=\"tab\" tabindex=\"0\" aria-controls=\"seccin-de-jvenes-adultos-tab\" aria-expanded=\"false\">\n                            \n                                                                <i class=\"fas fa-user-alt\"><\/i>                                                            \n                                                            <span class=\"eael-tab-title title-after-icon\" >Secci\u00f3n de J\u00f3venes Adultos<\/span>                            \n                                                    <\/li>\n                                            <li id=\"seccin-de-medidas-cautelares-ambulatorias-\" class=\"inactive eael-tab-item-trigger eael-tab-nav-item\" aria-selected=\"false\" data-tab=\"2\" role=\"tab\" tabindex=\"-1\" aria-controls=\"seccin-de-medidas-cautelares-ambulatorias--tab\" aria-expanded=\"false\">\n                            \n                                                                <i class=\"fas fa-balance-scale\"><\/i>                                                            \n                                                            <span class=\"eael-tab-title title-after-icon\" >Secci\u00f3n de Medidas Cautelares Ambulatorias <\/span>                            \n                                                    <\/li>\n                                            <li id=\"departamento-de-sanciones-y-medidas-no-privativas-de-libertad\" class=\"inactive eael-tab-item-trigger eael-tab-nav-item\" aria-selected=\"false\" data-tab=\"3\" role=\"tab\" tabindex=\"-1\" aria-controls=\"departamento-de-sanciones-y-medidas-no-privativas-de-libertad-tab\" aria-expanded=\"false\">\n                            \n                                                                <i class=\"far fa-newspaper\"><\/i>                                                            \n                                                            <span class=\"eael-tab-title title-after-icon\" >Departamento de Sanciones y Medidas No Privativas de Libertad<\/span>                            \n                                                    <\/li>\n                                            <li id=\"seccin-de-suspensin-condicional-de-la-pena\" class=\"inactive eael-tab-item-trigger eael-tab-nav-item\" aria-selected=\"false\" data-tab=\"4\" role=\"tab\" tabindex=\"-1\" aria-controls=\"seccin-de-suspensin-condicional-de-la-pena-tab\" aria-expanded=\"false\">\n                            \n                                                                <i class=\"fas fa-balance-scale-left\"><\/i>                                                            \n                                                            <span class=\"eael-tab-title title-after-icon\" >Secci\u00f3n de Suspensi\u00f3n Condicional de la pena<\/span>                            \n                                                    <\/li>\n                                            <li id=\"seccin-de-sanciones-no-privativas-de-la-libertad\" class=\"inactive eael-tab-item-trigger eael-tab-nav-item\" aria-selected=\"false\" data-tab=\"5\" role=\"tab\" tabindex=\"-1\" aria-controls=\"seccin-de-sanciones-no-privativas-de-la-libertad-tab\" aria-expanded=\"false\">\n                            \n                                                                <i class=\"fas fa-allergies\"><\/i>                                                            \n                                                            <span class=\"eael-tab-title title-after-icon\" >Secci\u00f3n de Sanciones No Privativas de la Libertad<\/span>                            \n                                                    <\/li>\n                    \n                                  <\/ul>\n            <\/div>\n            \n            <div class=\"eael-tabs-content\">\n\t\t        \n                    <div id=\"seccin-de-jvenes-adultos-tab\" class=\"clearfix eael-tab-content-item inactive\" data-title-link=\"seccin-de-jvenes-adultos-tab\">\n\t\t\t\t        <div class=\"slide-entry-excerpt entry-content\"><p><strong>Objetivo<\/strong><\/p><p>Preparar a los j\u00f3venes adultos que se encuentran cumpliendo sanciones en centros penitenciarios para su reintegraci\u00f3n social, mediante una atenci\u00f3n integral que permita la internalizaci\u00f3n de un nuevo estilo de vida.<\/p><p><strong>Funciones<\/strong><\/p><ul><li>Gestionar con la Direcci\u00f3n General de Sistema Penitenciario y\/o la Direcci\u00f3n Nacional del Instituto el cumplimiento de las sanciones impuestas en base al R\u00e9gimen Especial de Responsabilidad Penal para la Adolescencia.<\/li><li>Brindar al joven adulto seguimiento e intervenci\u00f3n psicosocial de manera individual y grupal.<\/li><li>Incorporar al joven adulto al sistema educativo y\/o en los programas de desarrollo y crecimiento personal promovidos por el centro penitenciario.<\/li><li>Orientar a la familia respecto al cumplimiento de la sanci\u00f3n del joven adulto.<\/li><li>Confeccionar y presentar los informes requeridos por las autoridades judiciales en la audiencia de revisi\u00f3n de sanci\u00f3n.<\/li><li>Realizar entrevistas familiares para evaluaci\u00f3n social y psicol\u00f3gica, as\u00ed como visitas domiciliarias para la valoraci\u00f3n de un cambio de medidas o permisos especiales.<\/li><\/ul><\/div>                    <\/div>\n\t\t        \n                    <div id=\"seccin-de-medidas-cautelares-ambulatorias--tab\" class=\"clearfix eael-tab-content-item inactive\" data-title-link=\"seccin-de-medidas-cautelares-ambulatorias--tab\">\n\t\t\t\t        <div class=\"slide-entry-wrap active-slide\"><section class=\"slide-entry flex_column post-entry slide-entry-overview slide-loop-5 slide-parity-odd post-entry-last av_one_half first\"><div class=\"slide-entry-excerpt entry-content\"><p><strong>Objetivo<\/strong><\/p><p>Realizar las acciones relativas al cumplimiento de las medidas cautelares ambulatorias impuestas por las autoridades competentes, durante su proceso de investigaci\u00f3n conforme al R\u00e9gimen Especial de Responsabilidad Penal para la Adolescencia.<\/p><p><strong>\u00a0<\/strong><strong>Funciones<\/strong><\/p><ul><li>Elaborar un plan para garantizar el cumplimiento de la medida cautelar impuesta por las autoridades competentes a cada adolescente e incorporar a la familia en el proceso reeducativo.<\/li><li>Informar peri\u00f3dicamente a la fiscal\u00eda sobre el avance y\/o dificultades del plan de cada caso.<\/li><li>Brindar atenci\u00f3n integral y las herramientas necesarias para que el joven pueda integrarse a la familia y a la sociedad.<\/li><li>Orientar a los j\u00f3venes y familiares sobre la importancia del cumplimiento de la medida y las consecuencias del incumplimiento de la misma<\/li><li>Referir a otras instituciones con programas de salud, educativos, laborales, vocacionales y otros en caso de ser necesario.<\/li><\/ul><\/div><\/section><\/div>                    <\/div>\n\t\t        \n                    <div id=\"departamento-de-sanciones-y-medidas-no-privativas-de-libertad-tab\" class=\"clearfix eael-tab-content-item inactive\" data-title-link=\"departamento-de-sanciones-y-medidas-no-privativas-de-libertad-tab\">\n\t\t\t\t        <div class=\"slide-entry-excerpt entry-content\"><p><strong>Objetivo<\/strong><\/p><p>Ejecutar las sanciones o medidas no privativas de la libertad impuestas a adolescentes en conflicto con la ley penal, a fin de lograr la resocializaci\u00f3n a trav\u00e9s de atenci\u00f3n psicosocial<\/p><p><strong>Funciones<\/strong><\/p><ul><li><strong>\u00a0<\/strong>Ejecutar la sanci\u00f3n o medidas impuestas por las autoridades judiciales a trav\u00e9s programas que le permita la\u00a0 resocializaci\u00f3n de los j\u00f3venes en conflicto con la ley.<\/li><li>Organizar actividades para adolescentes y familiares, a fin de modificar conductas y desarrollar capacidades para el logro del cumplimiento de la ejecuci\u00f3n de la sanci\u00f3n o medida impuesta.<\/li><li>Implementar una gu\u00eda que contribuya a la motivaci\u00f3n de los adolescentes y sus familiares para alcanzar su intervenci\u00f3n en programas de salud, educaci\u00f3n, laboral, deportivo, entre otros.<\/li><li>Desarrollar las competencias necesarias para mejorar la calidad de vida de los adolescentes mediante atenci\u00f3n individual y familiar.<\/li><li>Insertar a los j\u00f3venes en programas dirigidos a la prestaci\u00f3n de servicios sociales a la comunidad seg\u00fan la sanci\u00f3n.<\/li><li>Gestionar alianzas estrat\u00e9gicas con organizaciones p\u00fablicas o privadas para la inserci\u00f3n de programas que faciliten la resocializaci\u00f3n.<\/li><\/ul><\/div>                    <\/div>\n\t\t        \n                    <div id=\"seccin-de-suspensin-condicional-de-la-pena-tab\" class=\"clearfix eael-tab-content-item inactive\" data-title-link=\"seccin-de-suspensin-condicional-de-la-pena-tab\">\n\t\t\t\t        <div class=\"slide-entry-excerpt entry-content\"><p><strong>Objetivo<\/strong><\/p><p>Realizar las acciones relativas a fin que los j\u00f3venes beneficiados con una suspensi\u00f3n condicional de la pena privativa de libertad cumplan con las condiciones impuestas por las autoridades y los programas que permitan su resocializaci\u00f3n.<\/p><p><strong>\u00a0<\/strong><strong>Funciones<\/strong><\/p><ul><li><strong>\u00a0<\/strong>Dar seguimiento al plan individual de cumplimiento para cada adolescente procedente de Centro de Adolescentes y Centro de Adulto.<\/li><li>Informar peri\u00f3dicamente al Juez (a) de Complimiento sobre el avance y\/o dificultades del plan individual de cada caso.<\/li><li>Brindar atenci\u00f3n integral y las herramientas necesarias para que el joven pueda integrarse a la familia y a la sociedad.<\/li><li>Realizar visitas domiciliarias para supervisar el cumplimiento de la medida.<\/li><li>Orientar a los j\u00f3venes sobre la importancia del cumplimiento de la medida y las consecuencias del incumplimiento de la misma.<\/li><li>Referir a otras instituciones con programas de salud, educativos, laborales, vocacionales y otros.<\/li><\/ul><\/div>                    <\/div>\n\t\t        \n                    <div id=\"seccin-de-sanciones-no-privativas-de-la-libertad-tab\" class=\"clearfix eael-tab-content-item inactive\" data-title-link=\"seccin-de-sanciones-no-privativas-de-la-libertad-tab\">\n\t\t\t\t        <div class=\"slide-entry-excerpt entry-content\"><p><strong>Objetivo<\/strong><\/p><p>Desarrollar en los y las adolescentes, al igual que en j\u00f3venes con sanciones no privativas de libertad, las acciones relativas que permitan cumplir el Plan Individual de Cumplimiento para su reintegraci\u00f3n social mediante una intervenci\u00f3n integral.<\/p><p><strong>\u00a0<\/strong><strong>Funciones<\/strong><\/p><ul><li><strong>\u00a0<\/strong>Elaborar un Plan Individual de Cumplimiento para cada adolescente sancionado y dar seguimiento al proceso de ejecuci\u00f3n de la sanci\u00f3n no privativa de libertad.<\/li><li>Informar peri\u00f3dicamente al Juez (a) de Complimiento sobre el avance y\/o dificultades del plan individual de cada caso.<\/li><li>Brindar atenci\u00f3n integral a j\u00f3venes sancionados y a sus familiares y orientar sobre la importancia del cumplimiento de la sanci\u00f3n y las consecuencias del incumplimiento de la misma.<\/li><li>Referir a otras instituciones con programas salud, educativos, laborales, vocacionales y otros.<\/li><li>Incorporar a los y las j\u00f3venes y familiares en programas de crecimiento y desarrollo personal, f\u00e1rmaco dependencia,\u00a0 educativo \u2013 vocacional y otros.<\/li><li>Realizar visitas domiciliarias para supervisar el cumplimiento de la medida.<\/li><\/ul><\/div>                    <\/div>\n\t\t                    <\/div>\n        <\/div>\n\t\t\t\t<\/div>\n\t\t\t\t<\/div>\n\t\t\t\t\t<\/div>\n\t\t<\/div>\n\t\t\t\t\t<\/div>\n\t\t<\/section>\n\t\t\t\t<\/div>\n\t\t","protected":false},"excerpt":{"rendered":"<p>Secci\u00f3n de J\u00f3venes Adultos Secci\u00f3n de Medidas Cautelares Ambulatorias Departamento de Sanciones y Medidas No Privativas de Libertad Secci\u00f3n de [&hellip;]<\/p>\n","protected":false},"author":5,"featured_media":0,"parent":0,"menu_order":0,"comment_status":"closed","ping_status":"closed","template":"","meta":{"site-sidebar-layout":"default","site-content-layout":"","ast-site-content-layout":"default","site-content-style":"default","site-sidebar-style":"default","ast-global-header-display":"","ast-banner-title-visibility":"","ast-main-header-display":"","ast-hfb-above-header-display":"","ast-hfb-below-header-display":"","ast-hfb-mobile-header-display":"","site-post-title":"","ast-breadcrumbs-content":"","ast-featured-img":"","footer-sml-layout":"","ast-disable-related-posts":"","theme-transparent-header-meta":"","adv-header-id-meta":"","stick-header-meta":"","header-above-stick-meta":"","header-main-stick-meta":"","header-below-stick-meta":"","astra-migrate-meta-layouts":"default","ast-page-background-enabled":"default","ast-page-background-meta":{"desktop":{"background-color":"var(--ast-global-color-5)","background-image":"","background-repeat":"repeat","background-position":"center center","background-size":"auto","background-attachment":"scroll","background-type":"","background-media":"","overlay-type":"","overlay-color":"","overlay-opacity":"","overlay-gradient":""},"tablet":{"background-color":"","background-image":"","background-repeat":"repeat","background-position":"center center","background-size":"auto","background-attachment":"scroll","background-type":"","background-media":"","overlay-type":"","overlay-color":"","overlay-opacity":"","overlay-gradient":""},"mobile":{"background-color":"","background-image":"","background-repeat":"repeat","background-position":"center center","background-size":"auto","background-attachment":"scroll","background-type":"","background-media":"","overlay-type":"","overlay-color":"","overlay-opacity":"","overlay-gradient":""}},"ast-content-background-meta":{"desktop":{"background-color":"var(--ast-global-color-4)","background-image":"","background-repeat":"repeat","background-position":"center center","background-size":"auto","background-attachment":"scroll","background-type":"","background-media":"","overlay-type":"","overlay-color":"","overlay-opacity":"","overlay-gradient":""},"tablet":{"background-color":"var(--ast-global-color-4)","background-image":"","background-repeat":"repeat","background-position":"center center","background-size":"auto","background-attachment":"scroll","background-type":"","background-media":"","overlay-type":"","overlay-color":"","overlay-opacity":"","overlay-gradient":""},"mobile":{"background-color":"var(--ast-global-color-4)","background-image":"","background-repeat":"repeat","background-position":"center center","background-size":"auto","background-attachment":"scroll","background-type":"","background-media":"","overlay-type":"","overlay-color":"","overlay-opacity":"","overlay-gradient":""}},"footnotes":""},"class_list":["post-45961","page","type-page","status-publish","hentry"],"rttpg_featured_image_url":null,"rttpg_author":{"display_name":"Administrador Web","author_link":"https:\/\/www.mingob.gob.pa\/iei\/author\/nbarrios\/"},"rttpg_comment":0,"rttpg_category":null,"rttpg_excerpt":"Secci\u00f3n de J\u00f3venes Adultos Secci\u00f3n de Medidas Cautelares Ambulatorias Departamento de Sanciones y Medidas No Privativas de Libertad Secci\u00f3n de [&hellip;]","_links":{"self":[{"href":"https:\/\/www.mingob.gob.pa\/iei\/wp-json\/wp\/v2\/pages\/45961","targetHints":{"allow":["GET"]}}],"collection":[{"href":"https:\/\/www.mingob.gob.pa\/iei\/wp-json\/wp\/v2\/pages"}],"about":[{"href":"https:\/\/www.mingob.gob.pa\/iei\/wp-json\/wp\/v2\/types\/page"}],"author":[{"embeddable":true,"href":"https:\/\/www.mingob.gob.pa\/iei\/wp-json\/wp\/v2\/users\/5"}],"replies":[{"embeddable":true,"href":"https:\/\/www.mingob.gob.pa\/iei\/wp-json\/wp\/v2\/comments?post=45961"}],"version-history":[{"count":5,"href":"https:\/\/www.mingob.gob.pa\/iei\/wp-json\/wp\/v2\/pages\/45961\/revisions"}],"predecessor-version":[{"id":53657,"href":"https:\/\/www.mingob.gob.pa\/iei\/wp-json\/wp\/v2\/pages\/45961\/revisions\/53657"}],"wp:attachment":[{"href":"https:\/\/www.mingob.gob.pa\/iei\/wp-json\/wp\/v2\/media?parent=45961"}],"curies":[{"name":"wp","href":"https:\/\/api.w.org\/{rel}","templated":true}]}}