{"id":3510,"date":"2024-11-26T18:44:16","date_gmt":"2024-11-26T18:44:16","guid":{"rendered":"https:\/\/www.mingob.gob.pa\/dipred\/?page_id=3510"},"modified":"2025-11-11T17:41:23","modified_gmt":"2025-11-11T17:41:23","slug":"autoridades","status":"publish","type":"page","link":"https:\/\/www.mingob.gob.pa\/dipred\/autoridades\/","title":{"rendered":"Autoridades"},"content":{"rendered":"\t\t<div data-elementor-type=\"wp-page\" data-elementor-id=\"3510\" class=\"elementor elementor-3510\">\n\t\t\t\t<div class=\"elementor-element elementor-element-acfb98a e-flex e-con-boxed e-con e-parent\" data-id=\"acfb98a\" data-element_type=\"container\" data-e-type=\"container\">\n\t\t\t\t\t<div class=\"e-con-inner\">\n\t\t<div class=\"elementor-element elementor-element-95d7401 e-con-full e-flex e-con e-child\" data-id=\"95d7401\" data-element_type=\"container\" data-e-type=\"container\">\n\t\t\t\t<div class=\"elementor-element elementor-element-19babcd elementor-widget elementor-widget-image\" data-id=\"19babcd\" data-element_type=\"widget\" data-e-type=\"widget\" data-widget_type=\"image.default\">\n\t\t\t\t\t\t\t\t\t\t\t\t\t\t\t<img fetchpriority=\"high\" decoding=\"async\" width=\"687\" height=\"1030\" src=\"https:\/\/www.mingob.gob.pa\/dipred\/wp-content\/uploads\/sites\/26\/2024\/12\/dipre_directora-687x1030.jpeg\" class=\"attachment-large size-large wp-image-3562\" alt=\"\" srcset=\"https:\/\/www.mingob.gob.pa\/dipred\/wp-content\/uploads\/sites\/26\/2024\/12\/dipre_directora-687x1030.jpeg 687w, https:\/\/www.mingob.gob.pa\/dipred\/wp-content\/uploads\/sites\/26\/2024\/12\/dipre_directora-200x300.jpeg 200w, https:\/\/www.mingob.gob.pa\/dipred\/wp-content\/uploads\/sites\/26\/2024\/12\/dipre_directora-768x1152.jpeg 768w, https:\/\/www.mingob.gob.pa\/dipred\/wp-content\/uploads\/sites\/26\/2024\/12\/dipre_directora-470x705.jpeg 470w, https:\/\/www.mingob.gob.pa\/dipred\/wp-content\/uploads\/sites\/26\/2024\/12\/dipre_directora.jpeg 800w\" sizes=\"(max-width: 687px) 100vw, 687px\" \/>\t\t\t\t\t\t\t\t\t\t\t\t\t\t\t<\/div>\n\t\t\t\t<\/div>\n\t\t<div class=\"elementor-element elementor-element-37f40d5 e-con-full e-flex e-con e-child\" data-id=\"37f40d5\" data-element_type=\"container\" data-e-type=\"container\">\n\t\t\t\t<div class=\"elementor-element elementor-element-9bee647 elementor-widget elementor-widget-text-editor\" data-id=\"9bee647\" data-element_type=\"widget\" data-e-type=\"widget\" data-widget_type=\"text-editor.default\">\n\t\t\t\t\t\t\t\t\t<div class=\"flex_column av_one_half flex_column_div avia-builder-el-2 el_after_av_one_half avia-builder-el-last \"><div class=\"av-special-heading av-special-heading-h2 blockquote modern-quote modern-centered avia-builder-el-3 el_before_av_textblock avia-builder-el-first \"><h2 class=\"av-special-heading-tag \">Azhira Vald\u00e9s Madrid<\/h2><div class=\"av-subheading av-subheading_below \"><p>Directora Nacional para la Prevenci\u00f3n de la Delincuencia Juvenil<\/p><\/div><\/div><section class=\"av_textblock_section \"><div class=\"avia_textblock \"><p>La Licenciada Vald\u00e9s es Comunicadora Social, Piloto de Aviones Comerciales y posee un t\u00edtulo de Licenciatura en Periodismo de la Universidad de Panam\u00e1, del cual ha complementado su formaci\u00f3n con cursos en \u00e1reas como negocios digitales, liderazgo en deportes, seguros, marketing y redes sociales.<\/p><p>Su labor en DIPRED busca fomentar planes y programas que beneficien a ni\u00f1os y j\u00f3venes en riesgo social y garantizar la paz en las comunidades, integrando a la familia, la educaci\u00f3n, el deporte y la cultura, ofreciendo alternativas positivas y promoviendo campa\u00f1as de concientizaci\u00f3n para involucrar a la ciudadan\u00eda en esta causa; adem\u00e1s de coordinar esfuerzos con instituciones gubernamentales y no gubernamentales con el prop\u00f3sito de enfocar y robustecer el apoyo a los programas de DIPRED, y de esta manera garantizar la protecci\u00f3n y el desarrollo integral de la juventud paname\u00f1a.<\/p><p>En su trayectoria profesional, ha trabajado como coordinadora de prensa en la Secretar\u00eda de Comunicaci\u00f3n del Estado, as\u00ed como gerente general de Panam\u00e1 Media Comunicaci\u00f3n, empresa enfocada en comunicaci\u00f3n Marketing digital y relaciones p\u00fablicas.<\/p><\/div><\/section><\/div>\t\t\t\t\t\t\t\t<\/div>\n\t\t\t\t<\/div>\n\t\t\t\t\t<\/div>\n\t\t\t\t<\/div>\n\t\t\t\t<\/div>\n\t\t","protected":false},"excerpt":{"rendered":"<p>Azhira Vald\u00e9s Madrid Directora Nacional para la Prevenci\u00f3n de la Delincuencia Juvenil La Licenciada Vald\u00e9s es Comunicadora Social, Piloto de [&hellip;]<\/p>\n","protected":false},"author":24,"featured_media":0,"parent":0,"menu_order":0,"comment_status":"closed","ping_status":"closed","template":"","meta":{"site-sidebar-layout":"default","site-content-layout":"","ast-site-content-layout":"default","site-content-style":"default","site-sidebar-style":"default","ast-global-header-display":"","ast-banner-title-visibility":"","ast-main-header-display":"","ast-hfb-above-header-display":"","ast-hfb-below-header-display":"","ast-hfb-mobile-header-display":"","site-post-title":"disabled","ast-breadcrumbs-content":"","ast-featured-img":"","footer-sml-layout":"","ast-disable-related-posts":"","theme-transparent-header-meta":"","adv-header-id-meta":"","stick-header-meta":"","header-above-stick-meta":"","header-main-stick-meta":"","header-below-stick-meta":"","astra-migrate-meta-layouts":"default","ast-page-background-enabled":"default","ast-page-background-meta":{"desktop":{"background-color":"var(--ast-global-color-5)","background-image":"","background-repeat":"repeat","background-position":"center center","background-size":"auto","background-attachment":"scroll","background-type":"","background-media":"","overlay-type":"","overlay-color":"","overlay-opacity":"","overlay-gradient":""},"tablet":{"background-color":"","background-image":"","background-repeat":"repeat","background-position":"center center","background-size":"auto","background-attachment":"scroll","background-type":"","background-media":"","overlay-type":"","overlay-color":"","overlay-opacity":"","overlay-gradient":""},"mobile":{"background-color":"","background-image":"","background-repeat":"repeat","background-position":"center center","background-size":"auto","background-attachment":"scroll","background-type":"","background-media":"","overlay-type":"","overlay-color":"","overlay-opacity":"","overlay-gradient":""}},"ast-content-background-meta":{"desktop":{"background-color":"var(--ast-global-color-4)","background-image":"","background-repeat":"repeat","background-position":"center center","background-size":"auto","background-attachment":"scroll","background-type":"","background-media":"","overlay-type":"","overlay-color":"","overlay-opacity":"","overlay-gradient":""},"tablet":{"background-color":"var(--ast-global-color-4)","background-image":"","background-repeat":"repeat","background-position":"center center","background-size":"auto","background-attachment":"scroll","background-type":"","background-media":"","overlay-type":"","overlay-color":"","overlay-opacity":"","overlay-gradient":""},"mobile":{"background-color":"var(--ast-global-color-4)","background-image":"","background-repeat":"repeat","background-position":"center center","background-size":"auto","background-attachment":"scroll","background-type":"","background-media":"","overlay-type":"","overlay-color":"","overlay-opacity":"","overlay-gradient":""}},"footnotes":""},"class_list":["post-3510","page","type-page","status-publish","hentry"],"rttpg_featured_image_url":null,"rttpg_author":{"display_name":"egraell","author_link":"https:\/\/www.mingob.gob.pa\/dipred\/author\/egraell\/"},"rttpg_comment":0,"rttpg_category":null,"rttpg_excerpt":"Azhira Vald\u00e9s Madrid Directora Nacional para la Prevenci\u00f3n de la Delincuencia Juvenil La Licenciada Vald\u00e9s es Comunicadora Social, Piloto de [&hellip;]","_links":{"self":[{"href":"https:\/\/www.mingob.gob.pa\/dipred\/wp-json\/wp\/v2\/pages\/3510","targetHints":{"allow":["GET"]}}],"collection":[{"href":"https:\/\/www.mingob.gob.pa\/dipred\/wp-json\/wp\/v2\/pages"}],"about":[{"href":"https:\/\/www.mingob.gob.pa\/dipred\/wp-json\/wp\/v2\/types\/page"}],"author":[{"embeddable":true,"href":"https:\/\/www.mingob.gob.pa\/dipred\/wp-json\/wp\/v2\/users\/24"}],"replies":[{"embeddable":true,"href":"https:\/\/www.mingob.gob.pa\/dipred\/wp-json\/wp\/v2\/comments?post=3510"}],"version-history":[{"count":5,"href":"https:\/\/www.mingob.gob.pa\/dipred\/wp-json\/wp\/v2\/pages\/3510\/revisions"}],"predecessor-version":[{"id":5119,"href":"https:\/\/www.mingob.gob.pa\/dipred\/wp-json\/wp\/v2\/pages\/3510\/revisions\/5119"}],"wp:attachment":[{"href":"https:\/\/www.mingob.gob.pa\/dipred\/wp-json\/wp\/v2\/media?parent=3510"}],"curies":[{"name":"wp","href":"https:\/\/api.w.org\/{rel}","templated":true}]}}